Last updated on 2025-07-04 00:50:01 CEST.
Flavor | Version | Tinstall | Tcheck | Ttotal | Status | Flags |
---|---|---|---|---|---|---|
r-devel-linux-x86_64-debian-clang | 1.0.3.1 | 5.38 | 26.05 | 31.43 | NOTE | |
r-devel-linux-x86_64-debian-gcc | 1.0.3.1 | 4.03 | 21.59 | 25.62 | NOTE | |
r-devel-linux-x86_64-fedora-clang | 1.0.3.1 | 51.06 | OK | |||
r-devel-linux-x86_64-fedora-gcc | 1.0.3.1 | 46.64 | OK | |||
r-devel-windows-x86_64 | 1.0.3.1 | 28.00 | 56.00 | 84.00 | OK | |
r-patched-linux-x86_64 | 1.0.3.1 | 4.88 | 24.80 | 29.68 | OK | |
r-release-linux-x86_64 | 1.0.3.1 | 5.08 | 25.00 | 30.08 | OK | |
r-release-macos-arm64 | 1.0.3.1 | 29.00 | OK | |||
r-release-macos-x86_64 | 1.0.3.1 | 44.00 | OK | |||
r-release-windows-x86_64 | 1.0.3.1 | 17.00 | 62.00 | 79.00 | OK | |
r-oldrel-macos-arm64 | 1.0.3.1 | 25.00 | NOTE | |||
r-oldrel-macos-x86_64 | 1.0.3.1 | 38.00 | NOTE | |||
r-oldrel-windows-x86_64 | 1.0.3.1 | 17.00 | 73.00 | 90.00 | NOTE |
Version: 1.0.3.1
Check: CRAN incoming feasibility
Result: NOTE
Maintainer: ‘Jan Wijffels <jwijffels@bnosac.be>’
No Authors@R field in DESCRIPTION.
Please add one, modifying
Authors@R: c(person(given = "Jan",
family = "Wijffels",
role = c("aut", "cre"),
email = "jwijffels@bnosac.be"),
person(family = "BNOSAC",
role = "aut"),
person(given = "Davis",
family = "King",
role = "aut"),
person(given = c("dlib", "package"),
family = "authors",
role = "aut",
comment = "see file AUTHORS"))
as necessary.
Flavors: r-devel-linux-x86_64-debian-clang, r-devel-linux-x86_64-debian-gcc
Version: 1.0.3.1
Check: installed package size
Result: NOTE
installed size is 16.2Mb
sub-directories of 1Mb or more:
include 15.8Mb
Flavors: r-oldrel-macos-arm64, r-oldrel-macos-x86_64, r-oldrel-windows-x86_64