CRAN Package Check Results for Package dfdr

Last updated on 2025-07-04 12:48:58 CEST.

Flavor Version Tinstall Tcheck Ttotal Status Flags
r-devel-linux-x86_64-debian-clang 0.2.0 5.74 46.75 52.49 NOTE
r-devel-linux-x86_64-debian-gcc 0.2.0 4.32 33.32 37.64 NOTE
r-devel-linux-x86_64-fedora-clang 0.2.0 81.29 NOTE
r-devel-linux-x86_64-fedora-gcc 0.2.0 78.96 NOTE
r-devel-windows-x86_64 0.2.0 7.00 66.00 73.00 NOTE
r-patched-linux-x86_64 0.2.0 6.58 43.58 50.16 NOTE
r-release-linux-x86_64 0.2.0 5.69 43.01 48.70 NOTE
r-release-macos-arm64 0.2.0 36.00 NOTE
r-release-macos-x86_64 0.2.0 55.00 NOTE
r-release-windows-x86_64 0.2.0 8.00 69.00 77.00 NOTE
r-oldrel-macos-arm64 0.2.0 26.00 OK
r-oldrel-macos-x86_64 0.2.0 42.00 OK
r-oldrel-windows-x86_64 0.2.0 10.00 79.00 89.00 OK

Check Details

Version: 0.2.0
Check: DESCRIPTION meta-information
Result: NOTE Missing dependency on R >= 4.1.0 because package code uses the pipe |> or function shorthand \(...) syntax added in R 4.1.0. File(s) using such syntax: ‘differentiate.R’ ‘gradient.R’ ‘simplify.R’ Flavors: r-devel-linux-x86_64-debian-clang, r-devel-linux-x86_64-debian-gcc, r-devel-linux-x86_64-fedora-clang, r-devel-linux-x86_64-fedora-gcc, r-devel-windows-x86_64, r-patched-linux-x86_64, r-release-linux-x86_64, r-release-macos-arm64, r-release-macos-x86_64, r-release-windows-x86_64