Last updated on 2024-06-08 00:53:15 CEST.
Flavor | Version | Tinstall | Tcheck | Ttotal | Status | Flags |
---|---|---|---|---|---|---|
r-devel-linux-x86_64-debian-clang | 1.0-38 | 2.48 | 45.02 | 47.50 | NOTE | |
r-devel-linux-x86_64-debian-gcc | 1.0-38 | 2.12 | 34.56 | 36.68 | NOTE | |
r-devel-linux-x86_64-fedora-clang | 1.0-38 | 60.24 | NOTE | |||
r-devel-linux-x86_64-fedora-gcc | 1.0-38 | 56.83 | NOTE | |||
r-devel-windows-x86_64 | 1.0-38 | 4.00 | 77.00 | 81.00 | NOTE | |
r-patched-linux-x86_64 | 1.0-38 | 2.80 | 42.40 | 45.20 | NOTE | |
r-release-linux-x86_64 | 1.0-38 | 3.03 | 42.82 | 45.85 | NOTE | |
r-release-macos-arm64 | 1.0-38 | 23.00 | NOTE | |||
r-release-macos-x86_64 | 1.0-38 | 36.00 | NOTE | |||
r-release-windows-x86_64 | 1.0-38 | 4.00 | 67.00 | 71.00 | NOTE | |
r-oldrel-macos-arm64 | 1.0-38 | 23.00 | OK | |||
r-oldrel-macos-x86_64 | 1.0-38 | 35.00 | OK | |||
r-oldrel-windows-x86_64 | 1.0-38 | 3.00 | 74.00 | 77.00 | OK |
Version: 1.0-38
Check: Rd files
Result: NOTE
checkRd: (-1) formatScientificTeX.Rd:33: Lost braces; missing escapes or markup?
33 | function will return " 3.0\\\\times 10^{2}"
| ^
Flavors: r-devel-linux-x86_64-debian-clang, r-devel-linux-x86_64-debian-gcc, r-devel-linux-x86_64-fedora-clang, r-devel-linux-x86_64-fedora-gcc, r-devel-windows-x86_64, r-patched-linux-x86_64, r-release-linux-x86_64, r-release-macos-arm64, r-release-macos-x86_64, r-release-windows-x86_64