Last updated on 2025-07-04 00:50:01 CEST.
Flavor | Version | Tinstall | Tcheck | Ttotal | Status | Flags |
---|---|---|---|---|---|---|
r-devel-linux-x86_64-debian-clang | 0.1.0 | 5.86 | 51.88 | 57.74 | NOTE | |
r-devel-linux-x86_64-debian-gcc | 0.1.0 | 3.86 | 38.27 | 42.13 | NOTE | |
r-devel-linux-x86_64-fedora-clang | 0.1.0 | 87.87 | NOTE | |||
r-devel-linux-x86_64-fedora-gcc | 0.1.0 | 81.04 | NOTE | |||
r-devel-windows-x86_64 | 0.1.0 | 8.00 | 66.00 | 74.00 | NOTE | |
r-patched-linux-x86_64 | 0.1.0 | 5.65 | 47.21 | 52.86 | NOTE | |
r-release-linux-x86_64 | 0.1.0 | 5.16 | 46.77 | 51.93 | NOTE | |
r-release-macos-arm64 | 0.1.0 | 27.00 | NOTE | |||
r-release-macos-x86_64 | 0.1.0 | 45.00 | NOTE | |||
r-release-windows-x86_64 | 0.1.0 | 7.00 | 65.00 | 72.00 | NOTE | |
r-oldrel-macos-arm64 | 0.1.0 | 27.00 | NOTE | |||
r-oldrel-macos-x86_64 | 0.1.0 | 38.00 | NOTE | |||
r-oldrel-windows-x86_64 | 0.1.0 | 9.00 | 80.00 | 89.00 | NOTE |
Version: 0.1.0
Check: Rd files
Result: NOTE
checkRd: (-1) fit.Rd:37: Lost braces in \itemize; meant \describe ?
checkRd: (-1) fit.Rd:38: Lost braces in \itemize; meant \describe ?
checkRd: (-1) fit.Rd:39: Lost braces in \itemize; meant \describe ?
Flavors: r-devel-linux-x86_64-debian-clang, r-devel-linux-x86_64-debian-gcc, r-devel-linux-x86_64-fedora-clang, r-devel-linux-x86_64-fedora-gcc, r-devel-windows-x86_64, r-patched-linux-x86_64, r-release-linux-x86_64, r-release-macos-arm64, r-release-macos-x86_64, r-release-windows-x86_64, r-oldrel-macos-arm64, r-oldrel-macos-x86_64, r-oldrel-windows-x86_64