Last updated on 2025-10-24 12:50:02 CEST.
| Flavor | Version | Tinstall | Tcheck | Ttotal | Status | Flags |
|---|---|---|---|---|---|---|
| r-devel-linux-x86_64-debian-clang | 1.0.2 | 1.86 | 29.72 | 31.58 | NOTE | |
| r-devel-linux-x86_64-debian-gcc | 1.0.2 | 1.44 | 24.12 | 25.56 | NOTE | |
| r-devel-linux-x86_64-fedora-clang | 1.0.2 | 46.90 | OK | |||
| r-devel-linux-x86_64-fedora-gcc | 1.0.2 | 44.26 | OK | |||
| r-devel-windows-x86_64 | 1.0.2 | 3.00 | 46.00 | 49.00 | OK | |
| r-patched-linux-x86_64 | 1.0.2 | 1.88 | 29.10 | 30.98 | OK | |
| r-release-linux-x86_64 | 1.0.2 | 1.40 | 28.67 | 30.07 | OK | |
| r-release-macos-arm64 | 1.0.2 | 1.00 | 20.00 | 21.00 | OK | |
| r-release-macos-x86_64 | 1.0.2 | 2.00 | 32.00 | 34.00 | OK | |
| r-release-windows-x86_64 | 1.0.2 | 2.00 | 52.00 | 54.00 | OK | |
| r-oldrel-macos-arm64 | 1.0.2 | 1.00 | 19.00 | 20.00 | OK | |
| r-oldrel-macos-x86_64 | 1.0.2 | 2.00 | 28.00 | 30.00 | OK | |
| r-oldrel-windows-x86_64 | 1.0.2 | 3.00 | 47.00 | 50.00 | OK |
Version: 1.0.2
Check: CRAN incoming feasibility
Result: NOTE
Maintainer: ‘Peter Biber <castor.fiber@gmx.de>’
No Authors@R field in DESCRIPTION.
Please add one, modifying
Authors@R: person(given = "Peter",
family = "Biber",
role = c("aut", "cre"),
email = "castor.fiber@gmx.de")
as necessary.
Flavors: r-devel-linux-x86_64-debian-clang, r-devel-linux-x86_64-debian-gcc