Last updated on 2025-10-24 12:50:01 CEST.
| Flavor | Version | Tinstall | Tcheck | Ttotal | Status | Flags |
|---|---|---|---|---|---|---|
| r-devel-linux-x86_64-debian-clang | 0.1 | 1.86 | 20.08 | 21.94 | NOTE | |
| r-devel-linux-x86_64-debian-gcc | 0.1 | 1.41 | 16.36 | 17.77 | NOTE | |
| r-devel-linux-x86_64-fedora-clang | 0.1 | 24.58 | OK | |||
| r-devel-linux-x86_64-fedora-gcc | 0.1 | 29.36 | OK | |||
| r-devel-windows-x86_64 | 0.1 | 3.00 | 36.00 | 39.00 | OK | |
| r-patched-linux-x86_64 | 0.1 | 1.81 | 19.11 | 20.92 | OK | |
| r-release-linux-x86_64 | 0.1 | 1.42 | 18.78 | 20.20 | OK | |
| r-release-macos-arm64 | 0.1 | 1.00 | 17.00 | 18.00 | OK | |
| r-release-macos-x86_64 | 0.1 | 2.00 | 21.00 | 23.00 | OK | |
| r-release-windows-x86_64 | 0.1 | 3.00 | 40.00 | 43.00 | OK | |
| r-oldrel-macos-arm64 | 0.1 | 1.00 | 12.00 | 13.00 | OK | |
| r-oldrel-macos-x86_64 | 0.1 | 1.00 | 20.00 | 21.00 | OK | |
| r-oldrel-windows-x86_64 | 0.1 | 3.00 | 37.00 | 40.00 | OK |
Version: 0.1
Check: CRAN incoming feasibility
Result: NOTE
Maintainer: ‘Peter Hoff <peter.hoff@duke.edu>’
The Description field contains
McCormack and Zhang (2022) <arXiv:2207.12484> "Core Shrinkage
Please refer to arXiv e-prints via their arXiv DOI <doi:10.48550/arXiv.YYMM.NNNNN>.
Flavors: r-devel-linux-x86_64-debian-clang, r-devel-linux-x86_64-debian-gcc