Last updated on 2025-10-24 12:50:01 CEST.
| Flavor | Version | Tinstall | Tcheck | Ttotal | Status | Flags |
|---|---|---|---|---|---|---|
| r-devel-linux-x86_64-debian-clang | 1.6-9 | 2.05 | 23.32 | 25.37 | NOTE | |
| r-devel-linux-x86_64-debian-gcc | 1.6-9 | 1.65 | 19.22 | 20.87 | NOTE | |
| r-devel-linux-x86_64-fedora-clang | 1.6-9 | 29.19 | OK | |||
| r-devel-linux-x86_64-fedora-gcc | 1.6-9 | 34.22 | OK | |||
| r-devel-windows-x86_64 | 1.6-9 | 3.00 | 42.00 | 45.00 | OK | |
| r-patched-linux-x86_64 | 1.6-9 | 2.44 | 22.25 | 24.69 | OK | |
| r-release-linux-x86_64 | 1.6-9 | 2.42 | 22.09 | 24.51 | OK | |
| r-release-macos-arm64 | 1.6-9 | 1.00 | 17.00 | 18.00 | OK | |
| r-release-macos-x86_64 | 1.6-9 | 2.00 | 23.00 | 25.00 | OK | |
| r-release-windows-x86_64 | 1.6-9 | 3.00 | 47.00 | 50.00 | OK | |
| r-oldrel-macos-arm64 | 1.6-9 | 1.00 | 19.00 | 20.00 | OK | |
| r-oldrel-macos-x86_64 | 1.6-9 | 2.00 | 22.00 | 24.00 | OK | |
| r-oldrel-windows-x86_64 | 1.6-9 | 3.00 | 42.00 | 45.00 | OK |
Version: 1.6-9
Check: CRAN incoming feasibility
Result: NOTE
Maintainer: ‘Michael G. Campana <campanam@si.edu>’
No Authors@R field in DESCRIPTION.
Please add one, modifying
Authors@R: person(given = c("Michael", "G."),
family = "Campana",
role = c("aut", "cre"),
email = "campanam@si.edu")
as necessary.
Package CITATION file contains call(s) to old-style personList() or
as.personList(). Please use c() on person objects instead.
The BugReports field in DESCRIPTION has
https://github.com/campanam/rCorrSieve
which should likely be
https://github.com/campanam/rCorrSieve/issues
instead.
Flavors: r-devel-linux-x86_64-debian-clang, r-devel-linux-x86_64-debian-gcc