Last updated on 2025-10-24 12:50:01 CEST.
| Flavor | Version | Tinstall | Tcheck | Ttotal | Status | Flags |
|---|---|---|---|---|---|---|
| r-devel-linux-x86_64-debian-clang | 1.0 | 1.59 | 20.80 | 22.39 | NOTE | |
| r-devel-linux-x86_64-debian-gcc | 1.0 | 1.45 | 17.30 | 18.75 | NOTE | |
| r-devel-linux-x86_64-fedora-clang | 1.0 | 25.71 | OK | |||
| r-devel-linux-x86_64-fedora-gcc | 1.0 | 29.84 | OK | |||
| r-devel-windows-x86_64 | 1.0 | 3.00 | 42.00 | 45.00 | OK | |
| r-patched-linux-x86_64 | 1.0 | 1.92 | 19.81 | 21.73 | OK | |
| r-release-linux-x86_64 | 1.0 | 1.68 | 19.86 | 21.54 | OK | |
| r-release-macos-arm64 | 1.0 | 1.00 | 15.00 | 16.00 | OK | |
| r-release-macos-x86_64 | 1.0 | 2.00 | 25.00 | 27.00 | OK | |
| r-release-windows-x86_64 | 1.0 | 3.00 | 54.00 | 57.00 | OK | |
| r-oldrel-macos-arm64 | 1.0 | 1.00 | 19.00 | 20.00 | OK | |
| r-oldrel-macos-x86_64 | 1.0 | 2.00 | 25.00 | 27.00 | OK | |
| r-oldrel-windows-x86_64 | 1.0 | 4.00 | 46.00 | 50.00 | OK |
Version: 1.0
Check: Rd files
Result: NOTE
checkRd: (-1) corpmetrics-package.Rd:11-17: Only 3 columns allowed in this table (row 1 has 2)
checkRd: (-1) corpmetrics-package.Rd:11-17: Only 3 columns allowed in this table (row 2 has 2)
checkRd: (-1) corpmetrics-package.Rd:11-17: Only 3 columns allowed in this table (row 3 has 2)
checkRd: (-1) corpmetrics-package.Rd:11-17: Only 3 columns allowed in this table (row 4 has 2)
checkRd: (-1) corpmetrics-package.Rd:11-17: Only 3 columns allowed in this table (row 5 has 2)
Flavors: r-devel-linux-x86_64-debian-clang, r-devel-linux-x86_64-debian-gcc