CRAN Package Check Results for Package conover.test

Last updated on 2025-10-24 12:50:01 CEST.

Flavor Version Tinstall Tcheck Ttotal Status Flags
r-devel-linux-x86_64-debian-clang 1.1.6 2.47 22.22 24.69 NOTE
r-devel-linux-x86_64-debian-gcc 1.1.6 1.99 17.88 19.87 NOTE
r-devel-linux-x86_64-fedora-clang 1.1.6 26.03 OK
r-devel-linux-x86_64-fedora-gcc 1.1.6 34.94 OK
r-devel-windows-x86_64 1.1.6 4.00 36.00 40.00 OK
r-patched-linux-x86_64 1.1.6 2.49 21.01 23.50 OK
r-release-linux-x86_64 1.1.6 2.27 20.93 23.20 OK
r-release-macos-arm64 1.1.6 1.00 15.00 16.00 OK
r-release-macos-x86_64 1.1.6 2.00 23.00 25.00 OK
r-release-windows-x86_64 1.1.6 3.00 42.00 45.00 OK
r-oldrel-macos-arm64 1.1.6 1.00 18.00 19.00 OK
r-oldrel-macos-x86_64 1.1.6 2.00 24.00 26.00 OK
r-oldrel-windows-x86_64 1.1.6 3.00 37.00 40.00 OK

Check Details

Version: 1.1.6
Check: CRAN incoming feasibility
Result: NOTE Maintainer: ‘Alexis Dinno <alexis.dinno@pdx.edu>’ No Authors@R field in DESCRIPTION. Please add one, modifying Authors@R: person(given = "Alexis", family = "Dinno", role = c("aut", "cre"), email = "alexis.dinno@pdx.edu") as necessary. Flavors: r-devel-linux-x86_64-debian-clang, r-devel-linux-x86_64-debian-gcc

Version: 1.1.6
Check: Rd files
Result: NOTE checkRd: (-1) conover.test.Rd:35-70: Only 2 columns allowed in this table (row 4 has 1) checkRd: (-1) conover.test.Rd:35-70: Only 2 columns allowed in this table (row 9 has 1) checkRd: (-1) conover.test.Rd:35-70: Only 2 columns allowed in this table (row 14 has 1) checkRd: (-1) conover.test.Rd:35-70: Only 2 columns allowed in this table (row 19 has 1) checkRd: (-1) conover.test.Rd:35-70: Only 2 columns allowed in this table (row 25 has 1) checkRd: (-1) conover.test.Rd:35-70: Only 2 columns allowed in this table (row 30 has 1) checkRd: (-1) conover.test.Rd:35-70: Only 2 columns allowed in this table (row 36 has 1) Flavors: r-devel-linux-x86_64-debian-clang, r-devel-linux-x86_64-debian-gcc