Last updated on 2025-10-24 00:50:59 CEST.
| Flavor | Version | Tinstall | Tcheck | Ttotal | Status | Flags |
|---|---|---|---|---|---|---|
| r-devel-linux-x86_64-debian-clang | 0.1.2 | 2.24 | 35.28 | 37.52 | OK | |
| r-devel-linux-x86_64-debian-gcc | 0.1.2 | 1.73 | 26.35 | 28.08 | OK | |
| r-devel-linux-x86_64-fedora-clang | 0.1.2 | 60.29 | OK | |||
| r-devel-linux-x86_64-fedora-gcc | 0.1.2 | 53.26 | OK | |||
| r-devel-windows-x86_64 | 0.1.2 | 6.00 | 68.00 | 74.00 | OK | |
| r-patched-linux-x86_64 | 0.1.2 | 2.25 | 31.81 | 34.06 | OK | |
| r-release-linux-x86_64 | 0.1.2 | 2.05 | 32.61 | 34.66 | OK | |
| r-release-macos-arm64 | 0.1.2 | 1.00 | 21.00 | 22.00 | OK | |
| r-release-macos-x86_64 | 0.1.2 | 2.00 | 58.00 | 60.00 | OK | |
| r-release-windows-x86_64 | 0.1.2 | 6.00 | 70.00 | 76.00 | OK | |
| r-oldrel-macos-arm64 | 0.1.2 | 1.00 | 31.00 | 32.00 | OK | |
| r-oldrel-macos-x86_64 | 0.1.2 | 2.00 | 58.00 | 60.00 | OK | |
| r-oldrel-windows-x86_64 | 0.1.2 | 5.00 | 66.00 | 71.00 | NOTE |
Version: 0.1.2
Check: package dependencies
Result: NOTE
Package suggested but not available for checking: 'littler'
Flavor: r-oldrel-windows-x86_64