Last updated on 2024-06-14 00:53:37 CEST.
Flavor | Version | Tinstall | Tcheck | Ttotal | Status | Flags |
---|---|---|---|---|---|---|
r-devel-linux-x86_64-debian-clang | 1.2.7 | 16.15 | 101.73 | 117.88 | OK | |
r-devel-linux-x86_64-debian-gcc | 1.2.7 | 0.50 | 1.74 | 2.24 | ERROR | |
r-devel-linux-x86_64-fedora-clang | 1.2.7 | 140.54 | OK | |||
r-devel-linux-x86_64-fedora-gcc | 1.2.7 | 132.88 | OK | |||
r-devel-windows-x86_64 | 1.2.7 | 14.00 | 86.00 | 100.00 | OK | |
r-patched-linux-x86_64 | 1.2.7 | 16.85 | 93.04 | 109.89 | OK | |
r-release-linux-x86_64 | 1.2.7 | 15.14 | 95.49 | 110.63 | OK | |
r-release-macos-arm64 | 1.2.7 | 39.00 | OK | |||
r-release-macos-x86_64 | 1.2.7 | 78.00 | OK | |||
r-release-windows-x86_64 | 1.2.7 | 16.00 | 88.00 | 104.00 | OK | |
r-oldrel-macos-arm64 | 1.2.7 | 43.00 | OK | |||
r-oldrel-macos-x86_64 | 1.2.7 | 76.00 | OK | |||
r-oldrel-windows-x86_64 | 1.2.7 | 18.00 | 98.00 | 116.00 | OK |
Version: 1.2.7
Check: package dependencies
Result: ERROR
Packages required but not available: 'cmsafops', 'progress'
Packages suggested but not available for checking: 'animation', 'testthat'
See section ‘The DESCRIPTION file’ in the ‘Writing R Extensions’
manual.
Flavor: r-devel-linux-x86_64-debian-gcc