Last updated on 2025-10-24 12:50:01 CEST.
| Flavor | Version | Tinstall | Tcheck | Ttotal | Status | Flags |
|---|---|---|---|---|---|---|
| r-devel-linux-x86_64-debian-clang | 0.0.1 | 8.68 | 28.74 | 37.42 | NOTE | |
| r-devel-linux-x86_64-debian-gcc | 0.0.1 | 6.86 | 22.25 | 29.11 | NOTE | |
| r-devel-linux-x86_64-fedora-clang | 0.0.1 | 41.10 | NOTE | |||
| r-devel-linux-x86_64-fedora-gcc | 0.0.1 | 21.00 | 32.45 | 53.45 | NOTE | |
| r-devel-windows-x86_64 | 0.0.1 | 16.00 | 48.00 | 64.00 | NOTE | |
| r-patched-linux-x86_64 | 0.0.1 | 8.33 | 27.30 | 35.63 | NOTE | |
| r-release-linux-x86_64 | 0.0.1 | 8.21 | 26.97 | 35.18 | NOTE | |
| r-release-macos-arm64 | 0.0.1 | 5.00 | 16.00 | 21.00 | NOTE | |
| r-release-macos-x86_64 | 0.0.1 | 10.00 | 39.00 | 49.00 | NOTE | |
| r-release-windows-x86_64 | 0.0.1 | 16.00 | 53.00 | 69.00 | NOTE | |
| r-oldrel-macos-arm64 | 0.0.1 | 5.00 | 22.00 | 27.00 | NOTE | |
| r-oldrel-macos-x86_64 | 0.0.1 | 8.00 | 35.00 | 43.00 | NOTE | |
| r-oldrel-windows-x86_64 | 0.0.1 | 16.00 | 46.00 | 62.00 | NOTE |
Version: 0.0.1
Check: Rd files
Result: NOTE
checkRd: (-1) cmb.search.Rd:50: Lost braces; missing escapes or markup?
50 | \item{order}{applied conditioning order {length p}}
| ^
Flavors: r-devel-linux-x86_64-debian-clang, r-devel-linux-x86_64-debian-gcc, r-devel-linux-x86_64-fedora-clang, r-devel-linux-x86_64-fedora-gcc, r-devel-windows-x86_64, r-patched-linux-x86_64, r-release-linux-x86_64, r-release-macos-arm64, r-release-macos-x86_64, r-release-windows-x86_64, r-oldrel-macos-arm64, r-oldrel-macos-x86_64, r-oldrel-windows-x86_64
Version: 0.0.1
Check: for unstated dependencies in ‘demo’
Result: NOTE
'library' or 'require' calls not declared from:
‘HDclassif’ ‘MixSim’ ‘mclust’
Flavors: r-devel-linux-x86_64-debian-clang, r-devel-linux-x86_64-debian-gcc, r-patched-linux-x86_64, r-release-linux-x86_64