Last updated on 2025-10-24 12:50:01 CEST.
| Flavor | Version | Tinstall | Tcheck | Ttotal | Status | Flags |
|---|---|---|---|---|---|---|
| r-devel-linux-x86_64-debian-clang | 1.3 | 2.57 | 23.59 | 26.16 | NOTE | |
| r-devel-linux-x86_64-debian-gcc | 1.3 | 2.03 | 18.19 | 20.22 | NOTE | |
| r-devel-linux-x86_64-fedora-clang | 1.3 | 31.49 | OK | |||
| r-devel-linux-x86_64-fedora-gcc | 1.3 | 35.81 | OK | |||
| r-devel-windows-x86_64 | 1.3 | 3.00 | 41.00 | 44.00 | OK | |
| r-patched-linux-x86_64 | 1.3 | 2.87 | 22.34 | 25.21 | OK | |
| r-release-linux-x86_64 | 1.3 | 2.50 | 22.02 | 24.52 | OK | |
| r-release-macos-arm64 | 1.3 | 1.00 | 15.00 | 16.00 | OK | |
| r-release-macos-x86_64 | 1.3 | 2.00 | 24.00 | 26.00 | OK | |
| r-release-windows-x86_64 | 1.3 | 4.00 | 47.00 | 51.00 | OK | |
| r-oldrel-macos-arm64 | 1.3 | 1.00 | 17.00 | 18.00 | NOTE | |
| r-oldrel-macos-x86_64 | 1.3 | 3.00 | 22.00 | 25.00 | NOTE | |
| r-oldrel-windows-x86_64 | 1.3 | 3.00 | 43.00 | 46.00 | NOTE |
Version: 1.3
Check: CRAN incoming feasibility
Result: NOTE
Maintainer: ‘Simiao Ye <simiao.ye@gmail.com>’
No Authors@R field in DESCRIPTION.
Please add one, modifying
Authors@R: c(person(given = "Simiao",
family = "Ye",
role = c("aut", "cre"),
email = "simiao.ye@gmail.com"),
person(given = "Jingning",
family = "Mei",
role = "aut"))
as necessary.
Flavors: r-devel-linux-x86_64-debian-clang, r-devel-linux-x86_64-debian-gcc
Version: 1.3
Check: LazyData
Result: NOTE
'LazyData' is specified without a 'data' directory
Flavors: r-oldrel-macos-arm64, r-oldrel-macos-x86_64, r-oldrel-windows-x86_64