CRAN Package Check Results for Package chkptstanr

Last updated on 2025-07-03 13:48:30 CEST.

Flavor Version Tinstall Tcheck Ttotal Status Flags
r-devel-linux-x86_64-debian-clang 0.1.1 28.39 182.13 210.52 NOTE
r-devel-linux-x86_64-debian-gcc 0.1.1 20.19 131.21 151.40 NOTE
r-devel-linux-x86_64-fedora-clang 0.1.1 318.05 NOTE
r-devel-linux-x86_64-fedora-gcc 0.1.1 308.13 NOTE
r-devel-windows-x86_64 0.1.1 21.00 156.00 177.00 NOTE
r-patched-linux-x86_64 0.1.1 28.76 171.55 200.31 NOTE
r-release-linux-x86_64 0.1.1 27.68 172.35 200.03 NOTE
r-release-macos-arm64 0.1.1 78.00 OK
r-release-macos-x86_64 0.1.1 182.00 OK
r-release-windows-x86_64 0.1.1 21.00 160.00 181.00 NOTE
r-oldrel-macos-arm64 0.1.1 93.00 NOTE
r-oldrel-macos-x86_64 0.1.1 124.00 NOTE
r-oldrel-windows-x86_64 0.1.1 28.00 229.00 257.00 NOTE

Check Details

Version: 0.1.1
Check: Rd cross-references
Result: NOTE Found the following Rd file(s) with Rd \link{} targets missing package anchors: chkpt_brms.Rd: brms make_brmsfit.Rd: brms Please provide package anchors for all Rd \link{} targets not in the package itself and the base packages. Package unavailable to check Rd xrefs: ‘cmdstanr’ Flavors: r-devel-linux-x86_64-debian-clang, r-devel-linux-x86_64-debian-gcc, r-devel-windows-x86_64, r-patched-linux-x86_64, r-release-linux-x86_64, r-release-windows-x86_64

Version: 0.1.1
Check: dependencies in R code
Result: NOTE Namespace in Imports field not imported from: ‘Rdpack’ All declared Imports should be used. Flavors: r-devel-linux-x86_64-fedora-clang, r-devel-linux-x86_64-fedora-gcc

Version: 0.1.1
Check: package dependencies
Result: NOTE Package suggested but not available for checking: ‘cmdstanr’ Flavors: r-oldrel-macos-arm64, r-oldrel-macos-x86_64, r-oldrel-windows-x86_64

Version: 0.1.1
Check: Rd cross-references
Result: NOTE Package unavailable to check Rd xrefs: ‘cmdstanr’ Flavors: r-oldrel-macos-arm64, r-oldrel-macos-x86_64, r-oldrel-windows-x86_64