Last updated on 2025-10-24 12:50:00 CEST.
| Flavor | Version | Tinstall | Tcheck | Ttotal | Status | Flags |
|---|---|---|---|---|---|---|
| r-devel-linux-x86_64-debian-clang | 2.2.2 | 1.62 | 18.02 | 19.64 | NOTE | |
| r-devel-linux-x86_64-debian-gcc | 2.2.2 | 1.47 | 15.51 | 16.98 | NOTE | |
| r-devel-linux-x86_64-fedora-clang | 2.2.2 | 28.80 | OK | |||
| r-devel-linux-x86_64-fedora-gcc | 2.2.2 | 27.68 | OK | |||
| r-devel-windows-x86_64 | 2.2.2 | 3.00 | 35.00 | 38.00 | OK | |
| r-patched-linux-x86_64 | 2.2.2 | 1.53 | 17.29 | 18.82 | OK | |
| r-release-linux-x86_64 | 2.2.2 | 1.53 | 17.09 | 18.62 | OK | |
| r-release-macos-arm64 | 2.2.2 | 1.00 | 13.00 | 14.00 | OK | |
| r-release-macos-x86_64 | 2.2.2 | 2.00 | 19.00 | 21.00 | OK | |
| r-release-windows-x86_64 | 2.2.2 | 4.00 | 37.00 | 41.00 | OK | |
| r-oldrel-macos-arm64 | 2.2.2 | 1.00 | 17.00 | 18.00 | NOTE | |
| r-oldrel-macos-x86_64 | 2.2.2 | 1.00 | 18.00 | 19.00 | NOTE | |
| r-oldrel-windows-x86_64 | 2.2.2 | 2.00 | 35.00 | 37.00 | NOTE |
Version: 2.2.2
Check: CRAN incoming feasibility
Result: NOTE
Maintainer: ‘Alan Gu <alan.on.ca@gmail.com>’
No Authors@R field in DESCRIPTION.
Please add one, modifying
Authors@R: person(given = "Alan",
family = "Gu",
role = c("aut", "cre"),
email = "alan.on.ca@gmail.com")
as necessary.
Flavors: r-devel-linux-x86_64-debian-clang, r-devel-linux-x86_64-debian-gcc
Version: 2.2.2
Check: LazyData
Result: NOTE
'LazyData' is specified without a 'data' directory
Flavors: r-oldrel-macos-arm64, r-oldrel-macos-x86_64, r-oldrel-windows-x86_64