CRAN Package Check Results for Package cPCG

Last updated on 2025-07-04 00:50:00 CEST.

Flavor Version Tinstall Tcheck Ttotal Status Flags
r-devel-linux-x86_64-debian-clang 1.0 19.53 26.47 46.00 NOTE
r-devel-linux-x86_64-debian-gcc 1.0 14.06 21.89 35.95 NOTE
r-devel-linux-x86_64-fedora-clang 1.0 83.94 NOTE
r-devel-linux-x86_64-fedora-gcc 1.0 86.29 NOTE
r-devel-windows-x86_64 1.0 25.00 66.00 91.00 NOTE
r-patched-linux-x86_64 1.0 20.31 25.42 45.73 NOTE
r-release-linux-x86_64 1.0 18.83 24.92 43.75 NOTE
r-release-macos-arm64 1.0 42.00 NOTE
r-release-macos-x86_64 1.0 53.00 NOTE
r-release-windows-x86_64 1.0 25.00 64.00 89.00 NOTE
r-oldrel-macos-arm64 1.0 32.00 NOTE
r-oldrel-macos-x86_64 1.0 43.00 NOTE
r-oldrel-windows-x86_64 1.0 30.00 76.00 106.00 NOTE

Check Details

Version: 1.0
Check: CRAN incoming feasibility
Result: NOTE Maintainer: ‘Yongwen Zhuang <zyongwen@umich.edu>’ No Authors@R field in DESCRIPTION. Please add one, modifying Authors@R: person(given = "Yongwen", family = "Zhuang", role = c("aut", "cre"), email = "zyongwen@umich.edu") as necessary. Flavors: r-devel-linux-x86_64-debian-clang, r-devel-linux-x86_64-debian-gcc

Version: 1.0
Check: C++ specification
Result: NOTE Specified C++11: please drop specification unless essential Flavors: r-devel-linux-x86_64-debian-clang, r-devel-linux-x86_64-debian-gcc, r-devel-linux-x86_64-fedora-clang, r-devel-linux-x86_64-fedora-gcc, r-devel-windows-x86_64, r-patched-linux-x86_64, r-release-linux-x86_64, r-release-macos-arm64, r-release-macos-x86_64, r-release-windows-x86_64, r-oldrel-macos-arm64, r-oldrel-macos-x86_64, r-oldrel-windows-x86_64