Last updated on 2025-07-04 12:48:55 CEST.
Flavor | Version | Tinstall | Tcheck | Ttotal | Status | Flags |
---|---|---|---|---|---|---|
r-devel-linux-x86_64-debian-clang | 0.9.2 | 10.94 | 105.92 | 116.86 | NOTE | |
r-devel-linux-x86_64-debian-gcc | 0.9.2 | 8.49 | 79.08 | 87.57 | NOTE | |
r-devel-linux-x86_64-fedora-clang | 0.9.2 | 177.03 | OK | |||
r-devel-linux-x86_64-fedora-gcc | 0.9.2 | 186.35 | OK | |||
r-devel-windows-x86_64 | 0.9.2 | 13.00 | 121.00 | 134.00 | NOTE | |
r-patched-linux-x86_64 | 0.9.2 | 11.54 | 102.81 | 114.35 | NOTE | |
r-release-linux-x86_64 | 0.9.2 | 10.65 | 102.48 | 113.13 | NOTE | |
r-release-macos-arm64 | 0.9.2 | 72.00 | OK | |||
r-release-macos-x86_64 | 0.9.2 | 134.00 | OK | |||
r-release-windows-x86_64 | 0.9.2 | 13.00 | 118.00 | 131.00 | NOTE | |
r-oldrel-macos-arm64 | 0.9.2 | 64.00 | OK | |||
r-oldrel-macos-x86_64 | 0.9.2 | 96.00 | OK | |||
r-oldrel-windows-x86_64 | 0.9.2 | 18.00 | 151.00 | 169.00 | OK |
Version: 0.9.2
Check: Rd cross-references
Result: NOTE
Found the following Rd file(s) with Rd \link{} targets missing package
anchors:
brnb.Rd: negbin
Please provide package anchors for all Rd \link{} targets not in the
package itself and the base packages.
Flavors: r-devel-linux-x86_64-debian-clang, r-devel-linux-x86_64-debian-gcc, r-devel-windows-x86_64, r-patched-linux-x86_64, r-release-linux-x86_64, r-release-windows-x86_64