Last updated on 2025-11-21 00:48:25 CET.
| Flavor | Version | Tinstall | Tcheck | Ttotal | Status | Flags |
|---|---|---|---|---|---|---|
| r-devel-linux-x86_64-debian-clang | 0.1-3 | 1.87 | 18.85 | 20.72 | OK | |
| r-devel-linux-x86_64-debian-gcc | 0.1-3 | 1.49 | 15.78 | 17.27 | OK | |
| r-devel-linux-x86_64-fedora-clang | 0.1-3 | 30.47 | OK | |||
| r-devel-linux-x86_64-fedora-gcc | 0.1-3 | 28.68 | OK | |||
| r-devel-windows-x86_64 | 0.1-3 | 2.00 | 33.00 | 35.00 | OK | |
| r-patched-linux-x86_64 | 0.1-3 | 1.81 | 17.68 | 19.49 | OK | |
| r-release-linux-x86_64 | 0.1-3 | 1.72 | 17.65 | 19.37 | OK | |
| r-release-macos-arm64 | 0.1-3 | OK | ||||
| r-release-macos-x86_64 | 0.1-3 | 2.00 | 19.00 | 21.00 | OK | |
| r-release-windows-x86_64 | 0.1-3 | 2.00 | 34.00 | 36.00 | OK | |
| r-oldrel-macos-arm64 | 0.1-3 | NOTE | ||||
| r-oldrel-macos-x86_64 | 0.1-3 | 1.00 | 18.00 | 19.00 | NOTE | |
| r-oldrel-windows-x86_64 | 0.1-3 | 3.00 | 36.00 | 39.00 | NOTE |
Version: 0.1-3
Check: LazyData
Result: NOTE
'LazyData' is specified without a 'data' directory
Flavors: r-oldrel-macos-arm64, r-oldrel-macos-x86_64, r-oldrel-windows-x86_64