Last updated on 2025-11-21 00:48:25 CET.
| Flavor | Version | Tinstall | Tcheck | Ttotal | Status | Flags |
|---|---|---|---|---|---|---|
| r-devel-linux-x86_64-fedora-clang | 0.3-5 | 90.00 | 291.95 | 381.95 | OK | |
| r-devel-linux-x86_64-fedora-gcc | 0.3-5 | 57.00 | 308.60 | 365.60 | OK | |
| r-release-macos-arm64 | 0.3-5 | 1.00 | 5.00 | 6.00 | ERROR | |
| r-release-macos-x86_64 | 0.3-5 | 30.00 | 181.00 | 211.00 | OK | |
| r-oldrel-macos-arm64 | 0.3-5 | 1.00 | 10.00 | 11.00 | ERROR | |
| r-oldrel-macos-x86_64 | 0.3-5 | 49.00 | 229.00 | 278.00 | OK |
Version: 0.3-5
Check: whether package can be installed
Result: ERROR
Installation failed.
Flavors: r-release-macos-arm64, r-oldrel-macos-arm64