Last updated on 2025-07-04 00:49:57 CEST.
Flavor | Version | Tinstall | Tcheck | Ttotal | Status | Flags |
---|---|---|---|---|---|---|
r-devel-linux-x86_64-debian-clang | 1.0.0 | 7.84 | 107.68 | 115.52 | NOTE | |
r-devel-linux-x86_64-debian-gcc | 1.0.0 | 5.82 | 69.67 | 75.49 | NOTE | |
r-devel-linux-x86_64-fedora-clang | 1.0.0 | 196.18 | OK | |||
r-devel-linux-x86_64-fedora-gcc | 1.0.0 | 195.69 | OK | |||
r-devel-windows-x86_64 | 1.0.0 | 10.00 | 108.00 | 118.00 | OK | |
r-patched-linux-x86_64 | 1.0.0 | 8.20 | 101.51 | 109.71 | OK | |
r-release-linux-x86_64 | 1.0.0 | 7.88 | 100.33 | 108.21 | OK | |
r-release-macos-arm64 | 1.0.0 | 49.00 | OK | |||
r-release-macos-x86_64 | 1.0.0 | 113.00 | OK | |||
r-release-windows-x86_64 | 1.0.0 | 11.00 | 110.00 | 121.00 | OK | |
r-oldrel-macos-arm64 | 1.0.0 | 53.00 | OK | |||
r-oldrel-macos-x86_64 | 1.0.0 | 79.00 | OK | |||
r-oldrel-windows-x86_64 | 1.0.0 | 13.00 | 144.00 | 157.00 | OK |
Version: 1.0.0
Check: CRAN incoming feasibility
Result: NOTE
Maintainer: ‘Adam Elder <shmelder@gmail.com>’
The Description field contains
A testing framework described in Elder et al. (2022) <arXiv:2203.01897>
Please refer to arXiv e-prints via their arXiv DOI <doi:10.48550/arXiv.YYMM.NNNNN>.
Flavors: r-devel-linux-x86_64-debian-clang, r-devel-linux-x86_64-debian-gcc