CRAN Package Check Results for Package aceEditor

Last updated on 2025-07-04 00:49:57 CEST.

Flavor Version Tinstall Tcheck Ttotal Status Flags
r-devel-linux-x86_64-debian-clang 1.0.1 2.66 24.93 27.59 OK
r-devel-linux-x86_64-debian-gcc 1.0.1 2.20 20.11 22.31 OK
r-devel-linux-x86_64-fedora-clang 1.0.1 42.25 OK
r-devel-linux-x86_64-fedora-gcc 1.0.1 39.91 OK
r-devel-windows-x86_64 1.0.1 6.00 46.00 52.00 OK
r-patched-linux-x86_64 1.0.1 2.80 23.36 26.16 OK
r-release-linux-x86_64 1.0.1 2.47 23.52 25.99 OK
r-release-macos-arm64 1.0.1 32.00 OK
r-release-macos-x86_64 1.0.1 29.00 OK
r-release-windows-x86_64 1.0.1 5.00 47.00 52.00 OK
r-oldrel-macos-arm64 1.0.1 20.00 NOTE
r-oldrel-macos-x86_64 1.0.1 26.00 NOTE
r-oldrel-windows-x86_64 1.0.1 7.00 51.00 58.00 NOTE

Check Details

Version: 1.0.1
Check: installed package size
Result: NOTE installed size is 11.7Mb sub-directories of 1Mb or more: htmlwidgets 11.6Mb Flavors: r-oldrel-macos-arm64, r-oldrel-macos-x86_64, r-oldrel-windows-x86_64

Version: 1.0.1
Check: LazyData
Result: NOTE 'LazyData' is specified without a 'data' directory Flavors: r-oldrel-macos-arm64, r-oldrel-macos-x86_64, r-oldrel-windows-x86_64