CRAN Package Check Results for Package abstr

Last updated on 2025-07-03 00:50:46 CEST.

Flavor Version Tinstall Tcheck Ttotal Status Flags
r-devel-linux-x86_64-debian-clang 0.4.1 2.22 61.06 63.28 OK
r-devel-linux-x86_64-debian-gcc 0.4.1 1.67 46.18 47.85 OK
r-devel-linux-x86_64-fedora-clang 0.4.1 99.98 NOTE
r-devel-linux-x86_64-fedora-gcc 0.4.1 108.83 NOTE
r-devel-windows-x86_64 0.4.1 5.00 81.00 86.00 OK
r-patched-linux-x86_64 0.4.1 2.58 55.66 58.24 OK
r-release-linux-x86_64 0.4.1 2.38 55.83 58.21 OK
r-release-macos-arm64 0.4.1 62.00 OK
r-release-macos-x86_64 0.4.1 103.00 OK
r-release-windows-x86_64 0.4.1 6.00 80.00 86.00 OK
r-oldrel-macos-arm64 0.4.1 54.00 OK
r-oldrel-macos-x86_64 0.4.1 78.00 OK
r-oldrel-windows-x86_64 0.4.1 6.00 100.00 106.00 OK

Check Details

Version: 0.4.1
Check: dependencies in R code
Result: NOTE Namespace in Imports field not imported from: ‘tibble’ All declared Imports should be used. Flavors: r-devel-linux-x86_64-fedora-clang, r-devel-linux-x86_64-fedora-gcc