Last updated on 2025-07-03 13:48:49 CEST.
Flavor | Version | Tinstall | Tcheck | Ttotal | Status | Flags |
---|---|---|---|---|---|---|
r-devel-linux-x86_64-debian-clang | 0.3 | 7.93 | 58.45 | 66.38 | OK | |
r-devel-linux-x86_64-debian-gcc | 0.3 | 4.97 | 0.64 | 5.61 | FAIL | |
r-devel-linux-x86_64-fedora-clang | 0.3 | 104.73 | OK | |||
r-devel-linux-x86_64-fedora-gcc | 0.3 | 94.19 | OK | |||
r-devel-windows-x86_64 | 0.3 | 8.00 | 72.00 | 80.00 | OK | |
r-patched-linux-x86_64 | 0.3 | 6.89 | 54.01 | 60.90 | OK | |
r-release-linux-x86_64 | 0.3 | 7.30 | 53.69 | 60.99 | OK | |
r-release-macos-arm64 | 0.3 | 31.00 | OK | |||
r-release-macos-x86_64 | 0.3 | 60.00 | OK | |||
r-release-windows-x86_64 | 0.3 | 8.00 | 69.00 | 77.00 | OK | |
r-oldrel-macos-arm64 | 0.3 | 195.00 | OK | |||
r-oldrel-macos-x86_64 | 0.3 | 211.00 | OK | |||
r-oldrel-windows-x86_64 | 0.3 | 12.00 | 86.00 | 98.00 | OK |
Version: 0.3
Check: package dependencies
Result: FAIL
Flavor: r-devel-linux-x86_64-debian-gcc