Last updated on 2025-10-24 12:50:26 CEST.
| Flavor | Version | Tinstall | Tcheck | Ttotal | Status | Flags |
|---|---|---|---|---|---|---|
| r-devel-linux-x86_64-debian-clang | 4.0.4 | 1.49 | 17.38 | 18.87 | NOTE | |
| r-devel-linux-x86_64-debian-gcc | 4.0.4 | 1.35 | 14.53 | 15.88 | NOTE | |
| r-devel-linux-x86_64-fedora-clang | 4.0.4 | 27.91 | OK | |||
| r-devel-linux-x86_64-fedora-gcc | 4.0.4 | 25.92 | OK | |||
| r-devel-windows-x86_64 | 4.0.4 | 3.00 | 31.00 | 34.00 | OK | |
| r-patched-linux-x86_64 | 4.0.4 | 1.60 | 16.25 | 17.85 | OK | |
| r-release-linux-x86_64 | 4.0.4 | 1.48 | 16.36 | 17.84 | OK | |
| r-release-macos-arm64 | 4.0.4 | 1.00 | 13.00 | 14.00 | OK | |
| r-release-macos-x86_64 | 4.0.4 | 2.00 | 22.00 | 24.00 | OK | |
| r-release-windows-x86_64 | 4.0.4 | 2.00 | 36.00 | 38.00 | OK | |
| r-oldrel-macos-arm64 | 4.0.4 | 1.00 | 11.00 | 12.00 | OK | |
| r-oldrel-macos-x86_64 | 4.0.4 | 1.00 | 17.00 | 18.00 | OK | |
| r-oldrel-windows-x86_64 | 4.0.4 | 3.00 | 32.00 | 35.00 | OK |
Version: 4.0.4
Check: CRAN incoming feasibility
Result: NOTE
Maintainer: ‘Somjit Roy <somjit.roy2001@gmail.com>’
No Authors@R field in DESCRIPTION.
Please add one, modifying
Authors@R: person(given = "Somjit",
family = "Roy",
role = c("aut", "cre"),
email = "somjit.roy2001@gmail.com")
as necessary.
Flavors: r-devel-linux-x86_64-debian-clang, r-devel-linux-x86_64-debian-gcc