Last updated on 2025-10-24 12:50:22 CEST.
| Flavor | Version | Tinstall | Tcheck | Ttotal | Status | Flags |
|---|---|---|---|---|---|---|
| r-devel-linux-x86_64-debian-clang | 1.2 | 4.04 | 34.29 | 38.33 | NOTE | |
| r-devel-linux-x86_64-debian-gcc | 1.2 | 3.00 | 26.84 | 29.84 | NOTE | |
| r-devel-linux-x86_64-fedora-clang | 1.2 | 59.97 | NOTE | |||
| r-devel-linux-x86_64-fedora-gcc | 1.2 | 55.15 | NOTE | |||
| r-devel-windows-x86_64 | 1.2 | 8.00 | 54.00 | 62.00 | NOTE | |
| r-patched-linux-x86_64 | 1.2 | 4.09 | 33.04 | 37.13 | NOTE | |
| r-release-linux-x86_64 | 1.2 | 3.71 | 32.57 | 36.28 | NOTE | |
| r-release-macos-arm64 | 1.2 | 3.00 | 22.00 | 25.00 | NOTE | |
| r-release-macos-x86_64 | 1.2 | 6.00 | 35.00 | 41.00 | NOTE | |
| r-release-windows-x86_64 | 1.2 | 6.00 | 56.00 | 62.00 | NOTE | |
| r-oldrel-macos-arm64 | 1.2 | 3.00 | 21.00 | 24.00 | NOTE | |
| r-oldrel-macos-x86_64 | 1.2 | 5.00 | 43.00 | 48.00 | NOTE | |
| r-oldrel-windows-x86_64 | 1.2 | 6.00 | 55.00 | 61.00 | NOTE |
Version: 1.2
Check: CRAN incoming feasibility
Result: NOTE
Maintainer: ‘Samuel Soubeyrand <samuel.soubeyrand@inra.fr>’
No Authors@R field in DESCRIPTION.
Please add one, modifying
Authors@R: c(person(family = "Soubeyrand",
role = "aut"),
person(family = "S.",
role = "aut"),
person(family = "Tollenaere",
role = "aut"),
person(family = "C.",
role = "aut"),
person(family = "Haon-Lasportes",
role = "aut"),
person(family = "E.",
role = "aut"),
person(family = "Laine",
role = "aut"),
person(family = "A.-L.",
role = "aut"),
person(given = "Samuel",
family = "Soubeyrand",
role = "cre",
email = "samuel.soubeyrand@inra.fr"))
as necessary.
Flavors: r-devel-linux-x86_64-debian-clang, r-devel-linux-x86_64-debian-gcc
Version: 1.2
Check: Rd files
Result: NOTE
checkRd: (-1) powderymildew.Rd:14-16: Lost braces
14 | \code{$demographic.coord}{
| ^
checkRd: (-1) powderymildew.Rd:18-20: Lost braces
18 | \code{$genetic.coord}{
| ^
checkRd: (-1) powderymildew.Rd:22-24: Lost braces
22 | \code{$demographic.measures}{
| ^
checkRd: (-1) powderymildew.Rd:26-28: Lost braces
26 | \code{$genetic.frequencies}{
| ^
Flavors: r-devel-linux-x86_64-debian-clang, r-devel-linux-x86_64-debian-gcc, r-devel-linux-x86_64-fedora-clang, r-devel-linux-x86_64-fedora-gcc, r-devel-windows-x86_64, r-patched-linux-x86_64, r-release-linux-x86_64, r-release-macos-arm64, r-release-macos-x86_64, r-release-windows-x86_64, r-oldrel-macos-arm64, r-oldrel-macos-x86_64, r-oldrel-windows-x86_64