Last updated on 2025-10-24 00:51:17 CEST.
| Flavor | Version | Tinstall | Tcheck | Ttotal | Status | Flags |
|---|---|---|---|---|---|---|
| r-devel-linux-x86_64-debian-clang | 1.0.1 | 2.30 | 21.93 | 24.23 | NOTE | |
| r-devel-linux-x86_64-debian-gcc | 1.0.1 | 1.62 | 18.12 | 19.74 | NOTE | |
| r-devel-linux-x86_64-fedora-clang | 1.0.1 | 36.51 | OK | |||
| r-devel-linux-x86_64-fedora-gcc | 1.0.1 | 36.25 | OK | |||
| r-devel-windows-x86_64 | 1.0.1 | 3.00 | 44.00 | 47.00 | OK | |
| r-patched-linux-x86_64 | 1.0.1 | 2.18 | 21.16 | 23.34 | OK | |
| r-release-linux-x86_64 | 1.0.1 | 2.08 | 20.84 | 22.92 | OK | |
| r-release-macos-arm64 | 1.0.1 | 1.00 | 14.00 | 15.00 | OK | |
| r-release-macos-x86_64 | 1.0.1 | 2.00 | 25.00 | 27.00 | OK | |
| r-release-windows-x86_64 | 1.0.1 | 3.00 | 46.00 | 49.00 | OK | |
| r-oldrel-macos-arm64 | 1.0.1 | 1.00 | 21.00 | 22.00 | OK | |
| r-oldrel-macos-x86_64 | 1.0.1 | 3.00 | 38.00 | 41.00 | OK | |
| r-oldrel-windows-x86_64 | 1.0.1 | 5.00 | 59.00 | 64.00 | OK |
Version: 1.0.1
Check: CRAN incoming feasibility
Result: NOTE
Maintainer: ‘Dione Pereira Cardoso <cardoso.dione@gmail.com>’
Found the following \keyword or \concept entries
which likely give several index terms:
File ‘KFactor.Rd’:
\keyword{Nomograph; Particle-size; Organic matter; [TRUNCATED]
File ‘RFactor_calc.Rd’:
\keyword{Erosivity index; R-Factor; Universal Soil [TRUNCATED]
File ‘RFactor_est.Rd’:
\keyword{Erosivity index; R-Factor; Universal Soil [TRUNCATED]
File ‘SoilConservation.Rd’:
\keyword{Soil Conservation; Erosivity index; R-Fac [TRUNCATED]
File ‘SoilLoss.Rd’:
\keyword{Soil Loss; Water Erosion; R Factor; K Fac [TRUNCATED]
Flavors: r-devel-linux-x86_64-debian-clang, r-devel-linux-x86_64-debian-gcc
Version: 1.0.1
Check: Rd files
Result: NOTE
checkRd: (-1) SoilConservation.Rd:20-26: Only 2 columns allowed in this table (row 6 has 1)
Flavor: r-devel-linux-x86_64-debian-gcc