Last updated on 2025-10-24 12:50:21 CEST.
| Flavor | Version | Tinstall | Tcheck | Ttotal | Status | Flags |
|---|---|---|---|---|---|---|
| r-devel-linux-x86_64-debian-clang | 4.1.0 | 1.77 | 22.12 | 23.89 | NOTE | |
| r-devel-linux-x86_64-debian-gcc | 4.1.0 | 1.49 | 17.99 | 19.48 | NOTE | |
| r-devel-linux-x86_64-fedora-clang | 4.1.0 | 35.44 | OK | |||
| r-devel-linux-x86_64-fedora-gcc | 4.1.0 | 32.39 | OK | |||
| r-devel-windows-x86_64 | 4.1.0 | 3.00 | 38.00 | 41.00 | OK | |
| r-patched-linux-x86_64 | 4.1.0 | 2.20 | 20.90 | 23.10 | OK | |
| r-release-linux-x86_64 | 4.1.0 | 1.50 | 20.68 | 22.18 | OK | |
| r-release-macos-arm64 | 4.1.0 | 1.00 | 14.00 | 15.00 | OK | |
| r-release-macos-x86_64 | 4.1.0 | 2.00 | 20.00 | 22.00 | OK | |
| r-release-windows-x86_64 | 4.1.0 | 3.00 | 40.00 | 43.00 | OK | |
| r-oldrel-macos-arm64 | 4.1.0 | 1.00 | 13.00 | 14.00 | OK | |
| r-oldrel-macos-x86_64 | 4.1.0 | 2.00 | 21.00 | 23.00 | OK | |
| r-oldrel-windows-x86_64 | 4.1.0 | 3.00 | 40.00 | 43.00 | OK |
Version: 4.1.0
Check: CRAN incoming feasibility
Result: NOTE
Maintainer: ‘Johannes W. Dietrich <johannes.dietrich@ruhr-uni-bochum.de>’
Package CITATION file contains call(s) to old-style personList() or
as.personList(). Please use c() on person objects instead.
Flavors: r-devel-linux-x86_64-debian-clang, r-devel-linux-x86_64-debian-gcc