Last updated on 2025-10-24 12:50:21 CEST.
| Flavor | Version | Tinstall | Tcheck | Ttotal | Status | Flags |
|---|---|---|---|---|---|---|
| r-devel-linux-x86_64-debian-clang | 0.1.0 | 2.09 | 22.22 | 24.31 | NOTE | |
| r-devel-linux-x86_64-debian-gcc | 0.1.0 | 1.62 | 18.05 | 19.67 | NOTE | |
| r-devel-linux-x86_64-fedora-clang | 0.1.0 | 38.40 | OK | |||
| r-devel-linux-x86_64-fedora-gcc | 0.1.0 | 34.54 | OK | |||
| r-devel-windows-x86_64 | 0.1.0 | 3.00 | 41.00 | 44.00 | OK | |
| r-patched-linux-x86_64 | 0.1.0 | 1.90 | 20.76 | 22.66 | OK | |
| r-release-linux-x86_64 | 0.1.0 | 2.02 | 20.77 | 22.79 | OK | |
| r-release-macos-arm64 | 0.1.0 | 1.00 | 17.00 | 18.00 | OK | |
| r-release-macos-x86_64 | 0.1.0 | 2.00 | 25.00 | 27.00 | OK | |
| r-release-windows-x86_64 | 0.1.0 | 4.00 | 43.00 | 47.00 | OK | |
| r-oldrel-macos-arm64 | 0.1.0 | 1.00 | 15.00 | 16.00 | OK | |
| r-oldrel-macos-x86_64 | 0.1.0 | 2.00 | 21.00 | 23.00 | OK | |
| r-oldrel-windows-x86_64 | 0.1.0 | 3.00 | 41.00 | 44.00 | OK |
Version: 0.1.0
Check: CRAN incoming feasibility
Result: NOTE
Maintainer: ‘Federico Vivaldi <federico-vivaldi@virgilio.it>’
No Authors@R field in DESCRIPTION.
Please add one, modifying
Authors@R: c(person(given = c("Federico", "Vivaldi;", "Tommaso"),
family = "Lomonaco",
role = "aut"),
person(given = "Federico",
family = "Vivaldi",
role = "cre",
email = "federico-vivaldi@virgilio.it"))
as necessary.
Flavors: r-devel-linux-x86_64-debian-clang, r-devel-linux-x86_64-debian-gcc