Last updated on 2025-10-24 12:50:19 CEST.
| Flavor | Version | Tinstall | Tcheck | Ttotal | Status | Flags |
|---|---|---|---|---|---|---|
| r-devel-linux-x86_64-debian-clang | 2.1 | 2.93 | 41.89 | 44.82 | NOTE | |
| r-devel-linux-x86_64-debian-gcc | 2.1 | 1.99 | 28.25 | 30.24 | NOTE | |
| r-devel-linux-x86_64-fedora-clang | 2.1 | 17.00 | 59.05 | 76.05 | OK | |
| r-devel-linux-x86_64-fedora-gcc | 2.1 | 68.75 | OK | |||
| r-devel-windows-x86_64 | 2.1 | 4.00 | 53.00 | 57.00 | OK | |
| r-patched-linux-x86_64 | 2.1 | 3.14 | 38.48 | 41.62 | OK | |
| r-release-linux-x86_64 | 2.1 | 2.60 | 39.38 | 41.98 | OK | |
| r-release-macos-arm64 | 2.1 | 2.00 | 20.00 | 22.00 | OK | |
| r-release-macos-x86_64 | 2.1 | 3.00 | 36.00 | 39.00 | OK | |
| r-release-windows-x86_64 | 2.1 | 4.00 | 55.00 | 59.00 | OK | |
| r-oldrel-macos-arm64 | 2.1 | 1.00 | 19.00 | 20.00 | OK | |
| r-oldrel-macos-x86_64 | 2.1 | 3.00 | 36.00 | 39.00 | OK | |
| r-oldrel-windows-x86_64 | 2.1 | 4.00 | 52.00 | 56.00 | OK |
Version: 2.1
Check: CRAN incoming feasibility
Result: NOTE
Maintainer: ‘Asun Lubiano <lubiano@uniovi.es>’
No Authors@R field in DESCRIPTION.
Please add one, modifying
Authors@R: c(person(given = "Wolfgang",
family = "Trutschnig",
role = "aut",
email = "wolfgang@trutschnig.net"),
person(given = "Asun",
family = "Lubiano",
role = c("aut", "cre"),
email = "lubiano@uniovi.es"))
as necessary.
Flavors: r-devel-linux-x86_64-debian-clang, r-devel-linux-x86_64-debian-gcc