Last updated on 2025-10-24 00:51:15 CEST.
| Flavor | Version | Tinstall | Tcheck | Ttotal | Status | Flags |
|---|---|---|---|---|---|---|
| r-devel-linux-x86_64-debian-clang | 1.0.0 | 2.22 | 20.10 | 22.32 | OK | |
| r-devel-linux-x86_64-debian-gcc | 1.0.0 | 1.63 | 16.37 | 18.00 | OK | |
| r-devel-linux-x86_64-fedora-clang | 1.0.0 | 17.00 | 18.26 | 35.26 | OK | |
| r-devel-linux-x86_64-fedora-gcc | 1.0.0 | 33.72 | OK | |||
| r-devel-windows-x86_64 | 1.0.0 | 4.00 | 36.00 | 40.00 | OK | |
| r-patched-linux-x86_64 | 1.0.0 | 2.11 | 19.00 | 21.11 | OK | |
| r-release-linux-x86_64 | 1.0.0 | 2.06 | 19.12 | 21.18 | OK | |
| r-release-macos-arm64 | 1.0.0 | 1.00 | 14.00 | 15.00 | OK | |
| r-release-macos-x86_64 | 1.0.0 | 2.00 | 26.00 | 28.00 | OK | |
| r-release-windows-x86_64 | 1.0.0 | 3.00 | 37.00 | 40.00 | OK | |
| r-oldrel-macos-arm64 | 1.0.0 | 1.00 | 13.00 | 14.00 | NOTE | |
| r-oldrel-macos-x86_64 | 1.0.0 | 3.00 | 30.00 | 33.00 | NOTE | |
| r-oldrel-windows-x86_64 | 1.0.0 | 3.00 | 38.00 | 41.00 | NOTE |
Version: 1.0.0
Check: LazyData
Result: NOTE
'LazyData' is specified without a 'data' directory
Flavors: r-oldrel-macos-arm64, r-oldrel-macos-x86_64, r-oldrel-windows-x86_64