Last updated on 2025-10-24 12:50:19 CEST.
| Flavor | Version | Tinstall | Tcheck | Ttotal | Status | Flags |
|---|---|---|---|---|---|---|
| r-devel-linux-x86_64-fedora-clang | 1.0.16 | 12.00 | 62.29 | 74.29 | OK | |
| r-devel-linux-x86_64-fedora-gcc | 1.0.16 | 85.92 | OK | |||
| r-release-macos-arm64 | 1.0.16 | 1.00 | 32.00 | 33.00 | OK | |
| r-release-macos-x86_64 | 1.0.16 | 6.00 | 113.00 | 119.00 | OK | |
| r-oldrel-macos-arm64 | 1.0.16 | 2.00 | 37.00 | 39.00 | NOTE | |
| r-oldrel-macos-x86_64 | 1.0.16 | 5.00 | 115.00 | 120.00 | NOTE | |
| r-oldrel-windows-x86_64 | 1.0.16 | 7.00 | 79.00 | 86.00 | NOTE |
Version: 1.0.16
Check: installed package size
Result: NOTE
installed size is 5.5Mb
sub-directories of 1Mb or more:
doc 5.3Mb
Flavors: r-oldrel-macos-arm64, r-oldrel-macos-x86_64, r-oldrel-windows-x86_64