Last updated on 2025-10-24 12:50:18 CEST.
| Flavor | Version | Tinstall | Tcheck | Ttotal | Status | Flags |
|---|---|---|---|---|---|---|
| r-devel-linux-x86_64-debian-clang | 0.1.1 | 3.01 | 23.23 | 26.24 | NOTE | |
| r-devel-linux-x86_64-debian-gcc | 0.1.1 | 2.34 | 18.33 | 20.67 | NOTE | |
| r-devel-linux-x86_64-fedora-clang | 0.1.1 | 24.00 | 20.57 | 44.57 | OK | |
| r-devel-linux-x86_64-fedora-gcc | 0.1.1 | 37.71 | OK | |||
| r-devel-windows-x86_64 | 0.1.1 | 4.00 | 36.00 | 40.00 | OK | |
| r-patched-linux-x86_64 | 0.1.1 | 3.11 | 21.93 | 25.04 | OK | |
| r-release-linux-x86_64 | 0.1.1 | 3.07 | 22.09 | 25.16 | OK | |
| r-release-macos-arm64 | 0.1.1 | 2.00 | 15.00 | 17.00 | OK | |
| r-release-macos-x86_64 | 0.1.1 | 4.00 | 24.00 | 28.00 | OK | |
| r-release-windows-x86_64 | 0.1.1 | 4.00 | 37.00 | 41.00 | OK | |
| r-oldrel-macos-arm64 | 0.1.1 | 1.00 | 13.00 | 14.00 | NOTE | |
| r-oldrel-macos-x86_64 | 0.1.1 | 2.00 | 19.00 | 21.00 | NOTE | |
| r-oldrel-windows-x86_64 | 0.1.1 | 4.00 | 37.00 | 41.00 | NOTE |
Version: 0.1.1
Check: CRAN incoming feasibility
Result: NOTE
Maintainer: ‘Gregory Pasternack <gpast@ucdavis.edu>’
No Authors@R field in DESCRIPTION.
Please add one, modifying
Authors@R: c(person(given = "Gregory",
family = "Pasternack",
role = c("aut", "cre"),
email = "gpast@ucdavis.edu"),
person(given = "Rafaeli",
family = "Arroyo",
role = "aut",
email = "rtoarroyo@gmail.com"))
as necessary.
Flavors: r-devel-linux-x86_64-debian-clang, r-devel-linux-x86_64-debian-gcc
Version: 0.1.1
Check: LazyData
Result: NOTE
'LazyData' is specified without a 'data' directory
Flavors: r-oldrel-macos-arm64, r-oldrel-macos-x86_64, r-oldrel-windows-x86_64