Last updated on 2025-10-25 00:49:48 CEST.
| Flavor | Version | Tinstall | Tcheck | Ttotal | Status | Flags | 
|---|---|---|---|---|---|---|
| r-devel-windows-x86_64 | 2.0-6 | 5.00 | 77.00 | 82.00 | NOTE | --install=fake | 
| r-release-windows-x86_64 | 2.0-6 | 7.00 | 29.00 | 36.00 | NOTE | --install=fake | 
| r-oldrel-windows-x86_64 | 2.0-6 | 4.00 | 28.00 | 32.00 | NOTE | --install=fake | 
Version: 2.0-6
Flags: --install=fake
Check: R code for possible problems
Result: NOTE
  File 'RWinEdt/R/zzz.R':
    .onAttach calls:
      writeLines(edtFile, con = send2RedtLoc)
      writeLines(edtFile, con = send2RedtLoc)
  
  Package startup functions should use 'packageStartupMessage' to
    generate messages.
  See section 'Good practice' in '?.onAttach'.
Flavors: r-devel-windows-x86_64, r-release-windows-x86_64, r-oldrel-windows-x86_64