CRAN Package Check Results for Package RTD

Last updated on 2025-07-03 13:48:45 CEST.

Flavor Version Tinstall Tcheck Ttotal Status Flags
r-devel-linux-x86_64-debian-clang 0.4.1 5.11 42.95 48.06 OK
r-devel-linux-x86_64-debian-gcc 0.4.1 3.39 31.54 34.93 OK
r-devel-linux-x86_64-fedora-clang 0.4.1 69.98 OK
r-devel-linux-x86_64-fedora-gcc 0.4.1 84.04 OK
r-devel-windows-x86_64 0.4.1 6.00 60.00 66.00 OK
r-patched-linux-x86_64 0.4.1 5.21 37.79 43.00 OK
r-release-linux-x86_64 0.4.1 4.74 38.02 42.76 OK
r-release-macos-arm64 0.4.1 36.00 OK
r-release-macos-x86_64 0.4.1 71.00 OK
r-release-windows-x86_64 0.4.1 7.00 61.00 68.00 OK
r-oldrel-macos-arm64 0.4.1 34.00 NOTE
r-oldrel-macos-x86_64 0.4.1 61.00 NOTE
r-oldrel-windows-x86_64 0.4.1 8.00 71.00 79.00 NOTE

Check Details

Version: 0.4.1
Check: LazyData
Result: NOTE 'LazyData' is specified without a 'data' directory Flavors: r-oldrel-macos-arm64, r-oldrel-macos-x86_64, r-oldrel-windows-x86_64