Last updated on 2025-10-24 12:50:19 CEST.
| Flavor | Version | Tinstall | Tcheck | Ttotal | Status | Flags |
|---|---|---|---|---|---|---|
| r-devel-linux-x86_64-debian-clang | 1.0.4 | 1.64 | 18.84 | 20.48 | OK | |
| r-devel-linux-x86_64-debian-gcc | 1.0.4 | 1.40 | 15.67 | 17.07 | OK | |
| r-devel-linux-x86_64-fedora-clang | 1.0.4 | 30.21 | OK | |||
| r-devel-linux-x86_64-fedora-gcc | 1.0.4 | 28.78 | OK | |||
| r-devel-windows-x86_64 | 1.0.4 | 3.00 | 33.00 | 36.00 | OK | |
| r-patched-linux-x86_64 | 1.0.4 | 1.67 | 17.95 | 19.62 | OK | |
| r-release-linux-x86_64 | 1.0.4 | 1.57 | 17.68 | 19.25 | OK | |
| r-release-macos-arm64 | 1.0.4 | 1.00 | 14.00 | 15.00 | OK | |
| r-release-macos-x86_64 | 1.0.4 | 3.00 | 27.00 | 30.00 | OK | |
| r-release-windows-x86_64 | 1.0.4 | 5.00 | 35.00 | 40.00 | OK | |
| r-oldrel-macos-arm64 | 1.0.4 | 1.00 | 13.00 | 14.00 | NOTE | |
| r-oldrel-macos-x86_64 | 1.0.4 | 1.00 | 17.00 | 18.00 | NOTE | |
| r-oldrel-windows-x86_64 | 1.0.4 | 3.00 | 35.00 | 38.00 | NOTE |
Version: 1.0.4
Check: LazyData
Result: NOTE
'LazyData' is specified without a 'data' directory
Flavors: r-oldrel-macos-arm64, r-oldrel-macos-x86_64, r-oldrel-windows-x86_64