Last updated on 2025-10-24 12:50:17 CEST.
| Flavor | Version | Tinstall | Tcheck | Ttotal | Status | Flags |
|---|---|---|---|---|---|---|
| r-devel-linux-x86_64-debian-clang | 0.1.0 | 1.69 | 18.24 | 19.93 | NOTE | |
| r-devel-linux-x86_64-debian-gcc | 0.1.0 | 1.36 | 15.20 | 16.56 | NOTE | |
| r-devel-linux-x86_64-fedora-clang | 0.1.0 | 29.15 | OK | |||
| r-devel-linux-x86_64-fedora-gcc | 0.1.0 | 27.51 | OK | |||
| r-devel-windows-x86_64 | 0.1.0 | 2.00 | 35.00 | 37.00 | OK | |
| r-patched-linux-x86_64 | 0.1.0 | 1.48 | 17.15 | 18.63 | OK | |
| r-release-linux-x86_64 | 0.1.0 | 1.61 | 17.40 | 19.01 | OK | |
| r-release-macos-arm64 | 0.1.0 | 1.00 | 17.00 | 18.00 | OK | |
| r-release-macos-x86_64 | 0.1.0 | 2.00 | 22.00 | 24.00 | OK | |
| r-release-windows-x86_64 | 0.1.0 | 3.00 | 37.00 | 40.00 | OK | |
| r-oldrel-macos-arm64 | 0.1.0 | 1.00 | 12.00 | 13.00 | OK | |
| r-oldrel-macos-x86_64 | 0.1.0 | 1.00 | 19.00 | 20.00 | OK | |
| r-oldrel-windows-x86_64 | 0.1.0 | 3.00 | 36.00 | 39.00 | OK |
Version: 0.1.0
Check: CRAN incoming feasibility
Result: NOTE
Maintainer: ‘Dr. Fayed Alshammri <fayed333@hotmail.com>’
No Authors@R field in DESCRIPTION.
Please add one, modifying
Authors@R: c(person(given = "Fayed",
family = "Alshammri",
role = "aut"),
person(given = c("Dr.", "Fayed"),
family = "Alshammri",
role = "cre",
email = "fayed333@hotmail.com"))
as necessary.
Flavors: r-devel-linux-x86_64-debian-clang, r-devel-linux-x86_64-debian-gcc