Last updated on 2025-11-21 00:48:41 CET.
| Flavor | Version | Tinstall | Tcheck | Ttotal | Status | Flags |
|---|---|---|---|---|---|---|
| r-devel-linux-x86_64-debian-clang | 1.1 | 7.35 | 66.51 | 73.86 | OK | |
| r-devel-linux-x86_64-debian-gcc | 1.1 | 5.04 | 48.97 | 54.01 | OK | |
| r-devel-linux-x86_64-fedora-clang | 1.1 | 18.00 | 94.43 | 112.43 | NOTE | |
| r-devel-linux-x86_64-fedora-gcc | 1.1 | 21.00 | 87.77 | 108.77 | NOTE | |
| r-devel-windows-x86_64 | 1.1 | 10.00 | 82.00 | 92.00 | OK | |
| r-patched-linux-x86_64 | 1.1 | 7.58 | 63.10 | 70.68 | OK | |
| r-release-linux-x86_64 | 1.1 | 7.30 | 63.23 | 70.53 | OK | |
| r-release-macos-arm64 | 1.1 | OK | ||||
| r-release-macos-x86_64 | 1.1 | 9.00 | 67.00 | 76.00 | OK | |
| r-release-windows-x86_64 | 1.1 | 10.00 | 79.00 | 89.00 | OK | |
| r-oldrel-macos-arm64 | 1.1 | OK | ||||
| r-oldrel-macos-x86_64 | 1.1 | 7.00 | 43.00 | 50.00 | OK | |
| r-oldrel-windows-x86_64 | 1.1 | 8.00 | 81.00 | 89.00 | OK |
Version: 1.1
Check: compiled code
Result: NOTE
File ‘RANKS/libs/RANKS.so’:
Found no calls to: ‘R_registerRoutines’, ‘R_useDynamicSymbols’
It is good practice to register native routines and to disable symbol
search.
See ‘Writing portable packages’ in the ‘Writing R Extensions’ manual.
Flavors: r-devel-linux-x86_64-fedora-clang, r-devel-linux-x86_64-fedora-gcc