Last updated on 2025-10-24 00:51:13 CEST.
| Flavor | Version | Tinstall | Tcheck | Ttotal | Status | Flags |
|---|---|---|---|---|---|---|
| r-devel-linux-x86_64-debian-clang | 0.1.0 | 2.11 | 26.16 | 28.27 | NOTE | |
| r-devel-linux-x86_64-debian-gcc | 0.1.0 | 1.58 | 20.17 | 21.75 | NOTE | |
| r-devel-linux-x86_64-fedora-clang | 0.1.0 | 41.97 | OK | |||
| r-devel-linux-x86_64-fedora-gcc | 0.1.0 | 42.17 | OK | |||
| r-devel-windows-x86_64 | 0.1.0 | 3.00 | 40.00 | 43.00 | OK | |
| r-patched-linux-x86_64 | 0.1.0 | 2.17 | 24.41 | 26.58 | OK | |
| r-release-linux-x86_64 | 0.1.0 | 2.17 | 24.49 | 26.66 | OK | |
| r-release-macos-arm64 | 0.1.0 | 2.00 | 19.00 | 21.00 | OK | |
| r-release-macos-x86_64 | 0.1.0 | 2.00 | 28.00 | 30.00 | OK | |
| r-release-windows-x86_64 | 0.1.0 | 4.00 | 42.00 | 46.00 | OK | |
| r-oldrel-macos-arm64 | 0.1.0 | 1.00 | 18.00 | 19.00 | NOTE | |
| r-oldrel-macos-x86_64 | 0.1.0 | 3.00 | 26.00 | 29.00 | NOTE | |
| r-oldrel-windows-x86_64 | 0.1.0 | 3.00 | 40.00 | 43.00 | NOTE |
Version: 0.1.0
Check: CRAN incoming feasibility
Result: NOTE
Maintainer: ‘ManHsia Yang <ymh@tari.gov.tw>’
No Authors@R field in DESCRIPTION.
Please add one, modifying
Authors@R: person(given = "ManHsia",
family = "Yang",
role = c("aut", "cre"),
email = "ymh@tari.gov.tw")
as necessary.
Flavors: r-devel-linux-x86_64-debian-clang, r-devel-linux-x86_64-debian-gcc
Version: 0.1.0
Check: LazyData
Result: NOTE
'LazyData' is specified without a 'data' directory
Flavors: r-oldrel-macos-arm64, r-oldrel-macos-x86_64, r-oldrel-windows-x86_64