Last updated on 2025-10-24 00:51:13 CEST.
| Flavor | Version | Tinstall | Tcheck | Ttotal | Status | Flags |
|---|---|---|---|---|---|---|
| r-devel-linux-x86_64-debian-clang | 1.0.1 | 5.79 | 39.97 | 45.76 | OK | |
| r-devel-linux-x86_64-debian-gcc | 1.0.1 | 3.64 | 28.63 | 32.27 | OK | |
| r-devel-linux-x86_64-fedora-clang | 1.0.1 | 13.00 | 58.21 | 71.21 | OK | |
| r-devel-linux-x86_64-fedora-gcc | 1.0.1 | 11.00 | 53.16 | 64.16 | OK | |
| r-devel-windows-x86_64 | 1.0.1 | 5.00 | 62.00 | 67.00 | OK | |
| r-patched-linux-x86_64 | 1.0.1 | 5.76 | 37.27 | 43.03 | OK | |
| r-release-linux-x86_64 | 1.0.1 | 5.49 | 37.24 | 42.73 | OK | |
| r-release-macos-arm64 | 1.0.1 | 3.00 | 28.00 | 31.00 | OK | |
| r-release-macos-x86_64 | 1.0.1 | 7.00 | 52.00 | 59.00 | OK | |
| r-release-windows-x86_64 | 1.0.1 | 7.00 | 65.00 | 72.00 | OK | |
| r-oldrel-macos-arm64 | 1.0.1 | 3.00 | 21.00 | 24.00 | NOTE | |
| r-oldrel-macos-x86_64 | 1.0.1 | 4.00 | 46.00 | 50.00 | NOTE | |
| r-oldrel-windows-x86_64 | 1.0.1 | 6.00 | 62.00 | 68.00 | NOTE |
Version: 1.0.1
Check: LazyData
Result: NOTE
'LazyData' is specified without a 'data' directory
Flavors: r-oldrel-macos-arm64, r-oldrel-macos-x86_64, r-oldrel-windows-x86_64