Last updated on 2025-10-24 00:51:13 CEST.
| Flavor | Version | Tinstall | Tcheck | Ttotal | Status | Flags |
|---|---|---|---|---|---|---|
| r-devel-linux-x86_64-debian-clang | 1.0-9 | 12.34 | 55.65 | 67.99 | NOTE | |
| r-devel-linux-x86_64-debian-gcc | 1.0-9 | 7.39 | 36.83 | 44.22 | NOTE | |
| r-devel-linux-x86_64-fedora-clang | 1.0-9 | 29.00 | 76.82 | 105.82 | OK | |
| r-devel-linux-x86_64-fedora-gcc | 1.0-9 | 25.00 | 72.71 | 97.71 | OK | |
| r-devel-windows-x86_64 | 1.0-9 | 12.00 | 67.00 | 79.00 | OK | |
| r-patched-linux-x86_64 | 1.0-9 | 12.75 | 51.78 | 64.53 | OK | |
| r-release-linux-x86_64 | 1.0-9 | 11.74 | 52.10 | 63.84 | OK | |
| r-release-macos-arm64 | 1.0-9 | 7.00 | 26.00 | 33.00 | OK | |
| r-release-macos-x86_64 | 1.0-9 | 12.00 | 42.00 | 54.00 | OK | |
| r-release-windows-x86_64 | 1.0-9 | 12.00 | 70.00 | 82.00 | OK | |
| r-oldrel-macos-arm64 | 1.0-9 | 7.00 | 25.00 | 32.00 | OK | |
| r-oldrel-macos-x86_64 | 1.0-9 | 9.00 | 33.00 | 42.00 | OK | |
| r-oldrel-windows-x86_64 | 1.0-9 | 14.00 | 67.00 | 81.00 | OK |
Version: 1.0-9
Check: CRAN incoming feasibility
Result: NOTE
Maintainer: ‘Peter J. van der Most <p.j.van.der.most@umcg.nl>’
No Authors@R field in DESCRIPTION.
Please add one, modifying
Authors@R: c(person(given = c("Peter", "J."),
family = "van der Most",
role = c("aut", "cre"),
email = "p.j.van.der.most@umcg.nl"),
person(given = c("Ilja", "M."),
family = "Nolte",
role = "aut"))
as necessary.
Package CITATION file contains call(s) to old-style citEntry(). Please
use bibentry() instead.
Flavors: r-devel-linux-x86_64-debian-clang, r-devel-linux-x86_64-debian-gcc