Last updated on 2025-11-21 00:48:40 CET.
| Flavor | Version | Tinstall | Tcheck | Ttotal | Status | Flags |
|---|---|---|---|---|---|---|
| r-devel-linux-x86_64-debian-clang | 0.1.0 | 1.87 | 26.48 | 28.35 | OK | |
| r-devel-linux-x86_64-debian-gcc | 0.1.0 | 1.57 | 22.49 | 24.06 | OK | |
| r-devel-linux-x86_64-fedora-clang | 0.1.0 | 42.41 | OK | |||
| r-devel-linux-x86_64-fedora-gcc | 0.1.0 | 54.34 | OK | |||
| r-devel-windows-x86_64 | 0.1.0 | 7.00 | 46.00 | 53.00 | OK | |
| r-patched-linux-x86_64 | 0.1.0 | 1.93 | 24.39 | 26.32 | OK | |
| r-release-linux-x86_64 | 0.1.0 | 1.80 | 24.04 | 25.84 | OK | |
| r-release-macos-arm64 | 0.1.0 | OK | ||||
| r-release-macos-x86_64 | 0.1.0 | 2.00 | 39.00 | 41.00 | OK | |
| r-release-windows-x86_64 | 0.1.0 | 3.00 | 45.00 | 48.00 | OK | |
| r-oldrel-macos-arm64 | 0.1.0 | NOTE | ||||
| r-oldrel-macos-x86_64 | 0.1.0 | 2.00 | 31.00 | 33.00 | NOTE | |
| r-oldrel-windows-x86_64 | 0.1.0 | 3.00 | 50.00 | 53.00 | NOTE |
Version: 0.1.0
Check: LazyData
Result: NOTE
'LazyData' is specified without a 'data' directory
Flavors: r-oldrel-macos-arm64, r-oldrel-macos-x86_64, r-oldrel-windows-x86_64