Last updated on 2025-10-24 12:50:15 CEST.
| Flavor | Version | Tinstall | Tcheck | Ttotal | Status | Flags |
|---|---|---|---|---|---|---|
| r-devel-linux-x86_64-debian-clang | 1.0.4 | 1.67 | 20.38 | 22.05 | NOTE | |
| r-devel-linux-x86_64-debian-gcc | 1.0.4 | 1.45 | 17.41 | 18.86 | NOTE | |
| r-devel-linux-x86_64-fedora-clang | 1.0.4 | 32.40 | OK | |||
| r-devel-linux-x86_64-fedora-gcc | 1.0.4 | 30.90 | OK | |||
| r-devel-windows-x86_64 | 1.0.4 | 3.00 | 40.00 | 43.00 | OK | |
| r-patched-linux-x86_64 | 1.0.4 | 1.86 | 19.76 | 21.62 | OK | |
| r-release-linux-x86_64 | 1.0.4 | 1.75 | 19.68 | 21.43 | OK | |
| r-release-macos-arm64 | 1.0.4 | 1.00 | 15.00 | 16.00 | OK | |
| r-release-macos-x86_64 | 1.0.4 | 3.00 | 25.00 | 28.00 | OK | |
| r-release-windows-x86_64 | 1.0.4 | 3.00 | 42.00 | 45.00 | OK | |
| r-oldrel-macos-arm64 | 1.0.4 | 1.00 | 19.00 | 20.00 | OK | |
| r-oldrel-macos-x86_64 | 1.0.4 | 2.00 | 19.00 | 21.00 | OK | |
| r-oldrel-windows-x86_64 | 1.0.4 | 3.00 | 39.00 | 42.00 | OK |
Version: 1.0.4
Check: CRAN incoming feasibility
Result: NOTE
Maintainer: ‘Cyril Piou <cyril.piou@cirad.fr>’
Package CITATION file contains call(s) to old-style personList() or
as.personList(). Please use c() on person objects instead.
Package CITATION file contains call(s) to old-style citEntry(). Please
use bibentry() instead.
Found the following URLs which should use \doi (with the DOI name only):
File ‘Pomic-package.Rd’:
http://dx.doi.org/10.1016/j.ecolmodel.2009.05.003
Flavors: r-devel-linux-x86_64-debian-clang, r-devel-linux-x86_64-debian-gcc