Last updated on 2025-11-05 12:51:02 CET.
| Flavor | Version | Tinstall | Tcheck | Ttotal | Status | Flags |
|---|---|---|---|---|---|---|
| r-devel-linux-x86_64-debian-clang | 1.7.2 | 54.88 | 439.34 | 494.22 | NOTE | |
| r-devel-linux-x86_64-debian-gcc | 1.7.2 | 42.03 | 331.13 | 373.16 | NOTE | |
| r-devel-linux-x86_64-fedora-clang | 1.7.2 | 260.00 | 568.36 | 828.36 | OK | |
| r-devel-linux-x86_64-fedora-gcc | 1.7.2 | 198.00 | 550.86 | 748.86 | OK | |
| r-devel-windows-x86_64 | 1.7.2 | 53.00 | 350.00 | 403.00 | OK | |
| r-patched-linux-x86_64 | 1.7.2 | 0.37 | 1.90 | 2.27 | ERROR | |
| r-release-linux-x86_64 | 1.7.2 | 47.22 | 419.59 | 466.81 | OK | |
| r-release-macos-arm64 | 1.7.2 | 25.00 | 160.00 | 185.00 | OK | |
| r-release-macos-x86_64 | 1.7.2 | 47.00 | 298.00 | 345.00 | OK | |
| r-release-windows-x86_64 | 1.7.2 | 51.00 | 338.00 | 389.00 | OK | |
| r-oldrel-macos-arm64 | 1.7.2 | 23.00 | 161.00 | 184.00 | OK | |
| r-oldrel-macos-x86_64 | 1.7.2 | 38.00 | 242.00 | 280.00 | OK | |
| r-oldrel-windows-x86_64 | 1.7.2 | 71.00 | 451.00 | 522.00 | OK |
Version: 1.7.2
Check: CRAN incoming feasibility
Result: NOTE
Maintainer: ‘Yves Rozenholc <yves.rozenholc@parisdescartes.fr>’
No Authors@R field in DESCRIPTION.
Please add one, modifying
Authors@R: c(person(given = "Yves",
family = "Rozenholc",
role = c("aut", "cre"),
email = "yves.rozenholc@parisdescartes.fr"),
person(given = "Nicolas",
family = "Pécuchet",
role = "aut"),
person(given = "Pierre",
family = "Laurent-Puig",
role = "aut"))
as necessary.
Flavors: r-devel-linux-x86_64-debian-clang, r-devel-linux-x86_64-debian-gcc
Version: 1.7.2
Check: package dependencies
Result: ERROR
Packages required but not available:
'VariantAnnotation', 'rtracklayer', 'SummarizedExperiment'
See section ‘The DESCRIPTION file’ in the ‘Writing R Extensions’
manual.
Flavor: r-patched-linux-x86_64