Last updated on 2025-10-24 12:50:15 CEST.
| Flavor | Version | Tinstall | Tcheck | Ttotal | Status | Flags |
|---|---|---|---|---|---|---|
| r-devel-linux-x86_64-debian-clang | 0.1 | 1.95 | 22.52 | 24.47 | NOTE | |
| r-devel-linux-x86_64-debian-gcc | 0.1 | 1.61 | 18.31 | 19.92 | NOTE | |
| r-devel-linux-x86_64-fedora-clang | 0.1 | 36.75 | OK | |||
| r-devel-linux-x86_64-fedora-gcc | 0.1 | 34.04 | OK | |||
| r-devel-windows-x86_64 | 0.1 | 3.00 | 42.00 | 45.00 | OK | |
| r-patched-linux-x86_64 | 0.1 | 2.13 | 21.31 | 23.44 | OK | |
| r-release-linux-x86_64 | 0.1 | 1.76 | 21.24 | 23.00 | OK | |
| r-release-macos-arm64 | 0.1 | 1.00 | 18.00 | 19.00 | OK | |
| r-release-macos-x86_64 | 0.1 | 2.00 | 22.00 | 24.00 | OK | |
| r-release-windows-x86_64 | 0.1 | 3.00 | 45.00 | 48.00 | OK | |
| r-oldrel-macos-arm64 | 0.1 | 1.00 | 21.00 | 22.00 | OK | |
| r-oldrel-macos-x86_64 | 0.1 | 2.00 | 19.00 | 21.00 | OK | |
| r-oldrel-windows-x86_64 | 0.1 | 3.00 | 43.00 | 46.00 | OK |
Version: 0.1
Check: CRAN incoming feasibility
Result: NOTE
Maintainer: ‘Erick Marroquin <ericksuhel@gmail.com>’
No Authors@R field in DESCRIPTION.
Please add one, modifying
Authors@R: person(given = "Erick",
family = "Marroquin",
role = c("aut", "cre"),
email = "ericksuhel@gmail.com")
as necessary.
Flavors: r-devel-linux-x86_64-debian-clang, r-devel-linux-x86_64-debian-gcc