Last updated on 2025-10-24 12:50:15 CEST.
| Flavor | Version | Tinstall | Tcheck | Ttotal | Status | Flags |
|---|---|---|---|---|---|---|
| r-devel-linux-x86_64-debian-clang | 1.2-5 | 2.11 | 21.48 | 23.59 | NOTE | |
| r-devel-linux-x86_64-debian-gcc | 1.2-5 | 1.62 | 17.39 | 19.01 | NOTE | |
| r-devel-linux-x86_64-fedora-clang | 1.2-5 | 35.53 | OK | |||
| r-devel-linux-x86_64-fedora-gcc | 1.2-5 | 32.64 | OK | |||
| r-devel-windows-x86_64 | 1.2-5 | 3.00 | 44.00 | 47.00 | OK | |
| r-patched-linux-x86_64 | 1.2-5 | 2.12 | 20.45 | 22.57 | OK | |
| r-release-linux-x86_64 | 1.2-5 | 2.10 | 20.51 | 22.61 | OK | |
| r-release-macos-arm64 | 1.2-5 | 1.00 | 14.00 | 15.00 | OK | |
| r-release-macos-x86_64 | 1.2-5 | 2.00 | 24.00 | 26.00 | OK | |
| r-release-windows-x86_64 | 1.2-5 | 3.00 | 47.00 | 50.00 | OK | |
| r-oldrel-macos-arm64 | 1.2-5 | 1.00 | 14.00 | 15.00 | OK | |
| r-oldrel-macos-x86_64 | 1.2-5 | 2.00 | 21.00 | 23.00 | OK | |
| r-oldrel-windows-x86_64 | 1.2-5 | 3.00 | 45.00 | 48.00 | OK |
Version: 1.2-5
Check: CRAN incoming feasibility
Result: NOTE
Maintainer: ‘Juha Karvanen <juha.karvanen@iki.fi>’
No Authors@R field in DESCRIPTION.
Please add one, modifying
Authors@R: person(given = "Juha",
family = "Karvanen",
role = c("aut", "cre"),
email = "juha.karvanen@iki.fi")
as necessary.
Package CITATION file contains call(s) to old-style personList() or
as.personList(). Please use c() on person objects instead.
Package CITATION file contains call(s) to old-style citEntry(). Please
use bibentry() instead.
Flavors: r-devel-linux-x86_64-debian-clang, r-devel-linux-x86_64-debian-gcc