Last updated on 2025-07-04 12:49:08 CEST.
Flavor | Version | Tinstall | Tcheck | Ttotal | Status | Flags |
---|---|---|---|---|---|---|
r-devel-linux-x86_64-debian-clang | 1.0 | 23.85 | 155.79 | 179.64 | NOTE | |
r-devel-linux-x86_64-debian-gcc | 1.0 | 14.72 | 102.03 | 116.75 | NOTE | |
r-devel-linux-x86_64-fedora-clang | 1.0 | 308.95 | OK | |||
r-devel-linux-x86_64-fedora-gcc | 1.0 | 282.18 | OK | |||
r-devel-windows-x86_64 | 1.0 | 22.00 | 153.00 | 175.00 | OK | |
r-patched-linux-x86_64 | 1.0 | 23.89 | 148.51 | 172.40 | OK | |
r-release-linux-x86_64 | 1.0 | 21.62 | 150.01 | 171.63 | OK | |
r-release-macos-arm64 | 1.0 | 80.00 | OK | |||
r-release-macos-x86_64 | 1.0 | 155.00 | OK | |||
r-release-windows-x86_64 | 1.0 | 22.00 | 159.00 | 181.00 | OK | |
r-oldrel-macos-arm64 | 1.0 | 65.00 | OK | |||
r-oldrel-macos-x86_64 | 1.0 | 112.00 | OK | |||
r-oldrel-windows-x86_64 | 1.0 | 32.00 | 201.00 | 233.00 | OK |
Version: 1.0
Check: CRAN incoming feasibility
Result: NOTE
Maintainer: ‘Chun Pan <chunpan2003@hotmail.com>’
No Authors@R field in DESCRIPTION.
Please add one, modifying
Authors@R: person(given = "Chun",
family = "Pan",
role = c("aut", "cre"),
email = "chunpan2003@hotmail.com")
as necessary.
Flavors: r-devel-linux-x86_64-debian-clang, r-devel-linux-x86_64-debian-gcc