CRAN Package Check Results for Package PCL

Last updated on 2025-10-24 12:50:14 CEST.

Flavor Version Tinstall Tcheck Ttotal Status Flags
r-devel-linux-x86_64-debian-clang 1.0 1.67 19.79 21.46 NOTE
r-devel-linux-x86_64-debian-gcc 1.0 1.32 16.56 17.88 NOTE
r-devel-linux-x86_64-fedora-clang 1.0 31.42 OK
r-devel-linux-x86_64-fedora-gcc 1.0 29.32 OK
r-devel-windows-x86_64 1.0 2.00 40.00 42.00 OK
r-patched-linux-x86_64 1.0 1.69 19.12 20.81 OK
r-release-linux-x86_64 1.0 1.57 18.84 20.41 OK
r-release-macos-arm64 1.0 1.00 15.00 16.00 OK
r-release-macos-x86_64 1.0 2.00 22.00 24.00 OK
r-release-windows-x86_64 1.0 4.00 42.00 46.00 OK
r-oldrel-macos-arm64 1.0 1.00 13.00 14.00 OK
r-oldrel-macos-x86_64 1.0 1.00 18.00 19.00 OK
r-oldrel-windows-x86_64 1.0 3.00 41.00 44.00 OK

Check Details

Version: 1.0
Check: CRAN incoming feasibility
Result: NOTE Maintainer: ‘Andrew Ying <aying9339@gmail.com>’ The Description field contains arXiv e-prints, arXiv-2009 <arXiv:2009.10982>. Please refer to arXiv e-prints via their arXiv DOI <doi:10.48550/arXiv.YYMM.NNNNN>. Flavors: r-devel-linux-x86_64-debian-clang, r-devel-linux-x86_64-debian-gcc