Last updated on 2025-10-24 00:51:10 CEST.
| Flavor | Version | Tinstall | Tcheck | Ttotal | Status | Flags |
|---|---|---|---|---|---|---|
| r-devel-linux-x86_64-debian-clang | 1.5 | 1.81 | 19.95 | 21.76 | NOTE | |
| r-devel-linux-x86_64-debian-gcc | 1.5 | 1.42 | 16.81 | 18.23 | NOTE | |
| r-devel-linux-x86_64-fedora-clang | 1.5 | 32.56 | OK | |||
| r-devel-linux-x86_64-fedora-gcc | 1.5 | 29.67 | OK | |||
| r-devel-windows-x86_64 | 1.5 | 3.00 | 36.00 | 39.00 | OK | |
| r-patched-linux-x86_64 | 1.5 | 1.87 | 18.94 | 20.81 | OK | |
| r-release-linux-x86_64 | 1.5 | 1.68 | 18.98 | 20.66 | OK | |
| r-release-macos-arm64 | 1.5 | 1.00 | 13.00 | 14.00 | OK | |
| r-release-macos-x86_64 | 1.5 | 2.00 | 19.00 | 21.00 | OK | |
| r-release-windows-x86_64 | 1.5 | 3.00 | 37.00 | 40.00 | OK | |
| r-oldrel-macos-arm64 | 1.5 | 1.00 | 12.00 | 13.00 | OK | |
| r-oldrel-macos-x86_64 | 1.5 | 1.00 | 17.00 | 18.00 | OK | |
| r-oldrel-windows-x86_64 | 1.5 | 2.00 | 36.00 | 38.00 | OK |
Version: 1.5
Check: CRAN incoming feasibility
Result: NOTE
Maintainer: ‘E. Andres Houseman <eahouseman@gmail.com>’
No Authors@R field in DESCRIPTION.
Please add one, modifying
Authors@R: c(person(given = c("E.", "Andres"),
family = "Houseman",
role = c("aut", "cre"),
email = "eahouseman@gmail.com"),
person(family = "Sc.D.",
role = "aut"),
person(given = c("Kevin", "C."),
family = "Johnson",
role = "aut"))
as necessary.
Flavors: r-devel-linux-x86_64-debian-clang, r-devel-linux-x86_64-debian-gcc