Last updated on 2025-10-24 12:50:14 CEST.
| Flavor | Version | Tinstall | Tcheck | Ttotal | Status | Flags |
|---|---|---|---|---|---|---|
| r-devel-linux-x86_64-debian-clang | 0.1.0 | 3.17 | 26.52 | 29.69 | OK | |
| r-devel-linux-x86_64-debian-gcc | 0.1.0 | 2.35 | 19.83 | 22.18 | OK | |
| r-devel-linux-x86_64-fedora-clang | 0.1.0 | 16.00 | 32.03 | 48.03 | OK | |
| r-devel-linux-x86_64-fedora-gcc | 0.1.0 | 41.72 | OK | |||
| r-devel-windows-x86_64 | 0.1.0 | 4.00 | 40.00 | 44.00 | OK | |
| r-patched-linux-x86_64 | 0.1.0 | 3.24 | 24.75 | 27.99 | OK | |
| r-release-linux-x86_64 | 0.1.0 | 3.05 | 24.88 | 27.93 | OK | |
| r-release-macos-arm64 | 0.1.0 | 2.00 | 16.00 | 18.00 | OK | |
| r-release-macos-x86_64 | 0.1.0 | 3.00 | 22.00 | 25.00 | OK | |
| r-release-windows-x86_64 | 0.1.0 | 4.00 | 41.00 | 45.00 | OK | |
| r-oldrel-macos-arm64 | 0.1.0 | 2.00 | 15.00 | 17.00 | NOTE | |
| r-oldrel-macos-x86_64 | 0.1.0 | 2.00 | 19.00 | 21.00 | NOTE | |
| r-oldrel-windows-x86_64 | 0.1.0 | 4.00 | 41.00 | 45.00 | NOTE |
Version: 0.1.0
Check: LazyData
Result: NOTE
'LazyData' is specified without a 'data' directory
Flavors: r-oldrel-macos-arm64, r-oldrel-macos-x86_64, r-oldrel-windows-x86_64