Last updated on 2025-10-24 00:51:10 CEST.
| Flavor | Version | Tinstall | Tcheck | Ttotal | Status | Flags |
|---|---|---|---|---|---|---|
| r-devel-linux-x86_64-debian-clang | 2.0 | 1.55 | 17.35 | 18.90 | OK | |
| r-devel-linux-x86_64-debian-gcc | 2.0 | 1.28 | 14.77 | 16.05 | OK | |
| r-devel-linux-x86_64-fedora-clang | 2.0 | 29.42 | OK | |||
| r-devel-linux-x86_64-fedora-gcc | 2.0 | 26.83 | OK | |||
| r-devel-windows-x86_64 | 2.0 | 2.00 | 32.00 | 34.00 | OK | |
| r-patched-linux-x86_64 | 2.0 | 1.60 | 16.25 | 17.85 | OK | |
| r-release-linux-x86_64 | 2.0 | 1.41 | 16.27 | 17.68 | OK | |
| r-release-macos-arm64 | 2.0 | 1.00 | 16.00 | 17.00 | OK | |
| r-release-macos-x86_64 | 2.0 | 2.00 | 22.00 | 24.00 | OK | |
| r-release-windows-x86_64 | 2.0 | 4.00 | 34.00 | 38.00 | OK | |
| r-oldrel-macos-arm64 | 2.0 | 1.00 | 12.00 | 13.00 | NOTE | |
| r-oldrel-macos-x86_64 | 2.0 | 2.00 | 18.00 | 20.00 | NOTE | |
| r-oldrel-windows-x86_64 | 2.0 | 2.00 | 34.00 | 36.00 | NOTE |
Version: 2.0
Check: LazyData
Result: NOTE
'LazyData' is specified without a 'data' directory
Flavors: r-oldrel-macos-arm64, r-oldrel-macos-x86_64, r-oldrel-windows-x86_64